54.223.241.79 - - [23/Feb/2025:17:19:28 +0200] "GET /product-tag/%D9%85%D8%B3%D8%AA%D8%AD%D8%B6%D8%B1%D8%A7%D8%AA-%D8%AA%D8%AC%D9%85%D9%8A%D9%84%D9%8A%D8%A9/?path=%2Fhome%2Fmedchoco HTTP/1.1" 404 3913 "-" "Mozilla/5.0 (Linux; Android 5.0; SM-G900P Build/LRX21T) AppleWebKit/537.36 (KHTML, like Gecko) Chrome/56.0.9739.1724 Mobile Safari/537.36"
66.249.66.44 - - [23/Feb/2025:17:19:28 +0200] "GET /shopdetail/230471499 HTTP/1.1" 404 3913 "-" "Mozilla/5.0 (Linux; Android 6.0.1; Nexus 5X Build/MMB29P) AppleWebKit/537.36 (KHTML, like Gecko) Chrome/133.0.6943.53 Mobile Safari/537.36 (compatible; Googlebot/2.1; +http://www.google.com/bot.html)"
66.249.66.44 - - [23/Feb/2025:17:19:31 +0200] "GET /shopdetail/335101099 HTTP/1.1" 404 3913 "-" "Mozilla/5.0 (Linux; Android 6.0.1; Nexus 5X Build/MMB29P) AppleWebKit/537.36 (KHTML, like Gecko) Chrome/133.0.6943.53 Mobile Safari/537.36 (compatible; Googlebot/2.1; +http://www.google.com/bot.html)"
66.249.66.44 - - [23/Feb/2025:17:19:32 +0200] "GET /shopdetail/27571299 HTTP/1.1" 404 3913 "-" "Mozilla/5.0 (Linux; Android 6.0.1; Nexus 5X Build/MMB29P) AppleWebKit/537.36 (KHTML, like Gecko) Chrome/133.0.6943.53 Mobile Safari/537.36 (compatible; GoogleOther)"
66.249.66.44 - - [23/Feb/2025:17:19:40 +0200] "GET /shopdetail/552816199 HTTP/1.1" 404 3913 "-" "Mozilla/5.0 (Linux; Android 6.0.1; Nexus 5X Build/MMB29P) AppleWebKit/537.36 (KHTML, like Gecko) Chrome/133.0.6943.53 Mobile Safari/537.36 (compatible; Googlebot/2.1; +http://www.google.com/bot.html)"
66.249.66.44 - - [23/Feb/2025:17:19:43 +0200] "GET /shopdetail/497455399 HTTP/1.1" 404 3913 "-" "Mozilla/5.0 (Linux; Android 6.0.1; Nexus 5X Build/MMB29P) AppleWebKit/537.36 (KHTML, like Gecko) Chrome/133.0.6943.53 Mobile Safari/537.36 (compatible; Googlebot/2.1; +http://www.google.com/bot.html)"
66.249.66.44 - - [23/Feb/2025:17:19:46 +0200] "GET /shopdetail/123757499 HTTP/1.1" 404 3913 "-" "Mozilla/5.0 (Linux; Android 6.0.1; Nexus 5X Build/MMB29P) AppleWebKit/537.36 (KHTML, like Gecko) Chrome/133.0.6943.53 Mobile Safari/537.36 (compatible; Googlebot/2.1; +http://www.google.com/bot.html)"
66.249.66.44 - - [23/Feb/2025:17:19:49 +0200] "GET /shopdetail/503222999 HTTP/1.1" 404 3913 "-" "Mozilla/5.0 (Linux; Android 6.0.1; Nexus 5X Build/MMB29P) AppleWebKit/537.36 (KHTML, like Gecko) Chrome/133.0.6943.53 Mobile Safari/537.36 (compatible; Googlebot/2.1; +http://www.google.com/bot.html)"
66.249.66.44 - - [23/Feb/2025:17:19:54 +0200] "GET /shopdetail/263838399 HTTP/1.1" 404 3913 "-" "Mozilla/5.0 (Linux; Android 6.0.1; Nexus 5X Build/MMB29P) AppleWebKit/537.36 (KHTML, like Gecko) Chrome/133.0.6943.53 Mobile Safari/537.36 (compatible; Googlebot/2.1; +http://www.google.com/bot.html)"
66.249.66.44 - - [23/Feb/2025:17:19:58 +0200] "GET /shopdetail/309979999 HTTP/1.1" 404 3913 "-" "Mozilla/5.0 (Linux; Android 6.0.1; Nexus 5X Build/MMB29P) AppleWebKit/537.36 (KHTML, like Gecko) Chrome/133.0.6943.53 Mobile Safari/537.36 (compatible; Googlebot/2.1; +http://www.google.com/bot.html)"
47.128.52.171 - - [23/Feb/2025:17:19:57 +0200] "GET /?path=%2Fhome%2Fmedchoco%2Fpublic_html%2Fwp-includes%2FRequests HTTP/1.1" 200 5236 "-" "Mozilla/5.0 (Linux; Android 5.0) AppleWebKit/537.36 (KHTML, like Gecko) Mobile Safari/537.36 (compatible; Bytespider; spider-feedback@bytedance.com)"
66.249.66.44 - - [23/Feb/2025:17:20:01 +0200] "GET /shopdetail/523773999 HTTP/1.1" 404 3913 "-" "Mozilla/5.0 (Linux; Android 6.0.1; Nexus 5X Build/MMB29P) AppleWebKit/537.36 (KHTML, like Gecko) Chrome/133.0.6943.53 Mobile Safari/537.36 (compatible; Googlebot/2.1; +http://www.google.com/bot.html)"
66.249.66.32 - - [23/Feb/2025:17:20:04 +0200] "GET /shopdetail/29239999 HTTP/1.1" 404 3913 "-" "Mozilla/5.0 (Linux; Android 6.0.1; Nexus 5X Build/MMB29P) AppleWebKit/537.36 (KHTML, like Gecko) Chrome/133.0.6943.53 Mobile Safari/537.36 (compatible; Googlebot/2.1; +http://www.google.com/bot.html)"
66.249.66.45 - - [23/Feb/2025:17:20:10 +0200] "GET /shopdetail/351496799 HTTP/1.1" 404 3913 "-" "Mozilla/5.0 (Linux; Android 6.0.1; Nexus 5X Build/MMB29P) AppleWebKit/537.36 (KHTML, like Gecko) Chrome/133.0.6943.53 Mobile Safari/537.36 (compatible; Googlebot/2.1; +http://www.google.com/bot.html)"
66.249.66.45 - - [23/Feb/2025:17:20:13 +0200] "GET /shopdetail/489698299 HTTP/1.1" 404 3913 "-" "Mozilla/5.0 (Linux; Android 6.0.1; Nexus 5X Build/MMB29P) AppleWebKit/537.36 (KHTML, like Gecko) Chrome/133.0.6943.53 Mobile Safari/537.36 (compatible; Googlebot/2.1; +http://www.google.com/bot.html)"
66.249.66.44 - - [23/Feb/2025:17:20:16 +0200] "GET /safe_search/config?return_url=%2Fproduct%2Fdetail%2F28631768 HTTP/1.1" 404 3913 "-" "Mozilla/5.0 (Linux; Android 6.0.1; Nexus 5X Build/MMB29P) AppleWebKit/537.36 (KHTML, like Gecko) Chrome/133.0.6943.53 Mobile Safari/537.36 (compatible; Googlebot/2.1; +http://www.google.com/bot.html)"
66.249.66.44 - - [23/Feb/2025:17:20:22 +0200] "GET /shopdetail/396947399 HTTP/1.1" 404 3913 "-" "Mozilla/5.0 (Linux; Android 6.0.1; Nexus 5X Build/MMB29P) AppleWebKit/537.36 (KHTML, like Gecko) Chrome/133.0.6943.53 Mobile Safari/537.36 (compatible; Googlebot/2.1; +http://www.google.com/bot.html)"
66.249.66.44 - - [23/Feb/2025:17:20:22 +0200] "GET /shopdetail/35015199 HTTP/1.1" 404 3913 "-" "Mozilla/5.0 (Linux; Android 6.0.1; Nexus 5X Build/MMB29P) AppleWebKit/537.36 (KHTML, like Gecko) Chrome/133.0.6943.53 Mobile Safari/537.36 (compatible; Googlebot/2.1; +http://www.google.com/bot.html)"
66.249.66.44 - - [23/Feb/2025:17:20:23 +0200] "GET /shopdetail/603256599 HTTP/1.1" 404 3913 "-" "Mozilla/5.0 (Linux; Android 6.0.1; Nexus 5X Build/MMB29P) AppleWebKit/537.36 (KHTML, like Gecko) Chrome/133.0.6943.53 Mobile Safari/537.36 (compatible; Googlebot/2.1; +http://www.google.com/bot.html)"
66.249.66.44 - - [23/Feb/2025:17:20:26 +0200] "GET /shopdetail/575542299 HTTP/1.1" 404 3913 "-" "Mozilla/5.0 (Linux; Android 6.0.1; Nexus 5X Build/MMB29P) AppleWebKit/537.36 (KHTML, like Gecko) Chrome/133.0.6943.53 Mobile Safari/537.36 (compatible; Googlebot/2.1; +http://www.google.com/bot.html)"
66.249.66.44 - - [23/Feb/2025:17:20:26 +0200] "GET /shopdetail/133172399 HTTP/1.1" 404 3913 "-" "Mozilla/5.0 (Linux; Android 6.0.1; Nexus 5X Build/MMB29P) AppleWebKit/537.36 (KHTML, like Gecko) Chrome/133.0.6943.53 Mobile Safari/537.36 (compatible; Googlebot/2.1; +http://www.google.com/bot.html)"
66.249.66.44 - - [23/Feb/2025:17:20:30 +0200] "GET /shopdetail/220561199 HTTP/1.1" 404 3913 "-" "Mozilla/5.0 (Linux; Android 6.0.1; Nexus 5X Build/MMB29P) AppleWebKit/537.36 (KHTML, like Gecko) Chrome/133.0.6943.53 Mobile Safari/537.36 (compatible; Googlebot/2.1; +http://www.google.com/bot.html)"
66.249.66.44 - - [23/Feb/2025:17:20:34 +0200] "GET /shopdetail/41057699 HTTP/1.1" 404 3913 "-" "Mozilla/5.0 (Linux; Android 6.0.1; Nexus 5X Build/MMB29P) AppleWebKit/537.36 (KHTML, like Gecko) Chrome/133.0.6943.53 Mobile Safari/537.36 (compatible; GoogleOther)"
66.249.66.44 - - [23/Feb/2025:17:20:36 +0200] "GET /shopdetail/364246299 HTTP/1.1" 404 3913 "-" "Mozilla/5.0 (Linux; Android 6.0.1; Nexus 5X Build/MMB29P) AppleWebKit/537.36 (KHTML, like Gecko) Chrome/133.0.6943.53 Mobile Safari/537.36 (compatible; Googlebot/2.1; +http://www.google.com/bot.html)"
66.249.66.44 - - [23/Feb/2025:17:20:40 +0200] "GET /shopdetail/303731899 HTTP/1.1" 404 3913 "-" "Mozilla/5.0 (Linux; Android 6.0.1; Nexus 5X Build/MMB29P) AppleWebKit/537.36 (KHTML, like Gecko) Chrome/133.0.6943.53 Mobile Safari/537.36 (compatible; Googlebot/2.1; +http://www.google.com/bot.html)"
114.119.150.9 - - [23/Feb/2025:17:20:42 +0200] "GET /product/whiteplus-sensitive-area-50ml-%D9%83%D8%B1%D9%8A%D9%85-%D9%84%D8%AA%D8%A8%D9%8A%D9%8A%D8%B6-%D8%A7%D9%84%D9%85%D9%86%D8%A7%D8%B7%D9%82-%D8%A7%D9%84%D8%AD%D8%B3%D8%A7%D8%B3%D8%A9-50-%D9%85%D9%84/?action=yith-woocompare-add-product&id=5713 HTTP/1.1" 404 3913 "https://medcho.com/product/whiteplus-sensitive-area-50ml-%D9%83%D8%B1%D9%8A%D9%85-%D9%84%D8%AA%D8%A8%D9%8A%D9%8A%D8%B6-%D8%A7%D9%84%D9%85%D9%86%D8%A7%D8%B7%D9%82-%D8%A7%D9%84%D8%AD%D8%B3%D8%A7%D8%B3%D8%A9-50-%D9%85%D9%84/?action=yith-woocompare-add-product&id=5792" "Mozilla/5.0 (Linux; Android 7.0;) AppleWebKit/537.36 (KHTML, like Gecko) Mobile Safari/537.36 (compatible; PetalBot;+https://webmaster.petalsearch.com/site/petalbot)"
66.249.66.44 - - [23/Feb/2025:17:20:43 +0200] "GET /shopdetail/612556699 HTTP/1.1" 404 3913 "-" "Mozilla/5.0 (Linux; Android 6.0.1; Nexus 5X Build/MMB29P) AppleWebKit/537.36 (KHTML, like Gecko) Chrome/133.0.6943.53 Mobile Safari/537.36 (compatible; Googlebot/2.1; +http://www.google.com/bot.html)"
47.128.54.14 - - [23/Feb/2025:17:20:44 +0200] "GET /?fileloc=%2Fhome%2Fmedchoco%2Fpublic_html%2Fwp-includes%2Fwp-db.php&path=%2Fhome%2Fmedchoco%2Fpublic_html%2Fwp-includes HTTP/1.1" 200 3785 "-" "Mozilla/5.0 (Linux; Android 5.0) AppleWebKit/537.36 (KHTML, like Gecko) Mobile Safari/537.36 (compatible; Bytespider; spider-feedback@bytedance.com)"
66.249.66.44 - - [23/Feb/2025:17:20:48 +0200] "GET /shopdetail/41096199 HTTP/1.1" 404 3913 "-" "Mozilla/5.0 (Linux; Android 6.0.1; Nexus 5X Build/MMB29P) AppleWebKit/537.36 (KHTML, like Gecko) Chrome/133.0.6943.53 Mobile Safari/537.36 (compatible; Googlebot/2.1; +http://www.google.com/bot.html)"
66.249.66.44 - - [23/Feb/2025:17:20:52 +0200] "GET /shopdetail/381575299 HTTP/1.1" 404 3913 "-" "Mozilla/5.0 (Linux; Android 6.0.1; Nexus 5X Build/MMB29P) AppleWebKit/537.36 (KHTML, like Gecko) Chrome/133.0.6943.53 Mobile Safari/537.36 (compatible; Googlebot/2.1; +http://www.google.com/bot.html)"
66.249.66.44 - - [23/Feb/2025:17:20:54 +0200] "GET /shopdetail/639302099 HTTP/1.1" 404 3913 "-" "Mozilla/5.0 (Linux; Android 6.0.1; Nexus 5X Build/MMB29P) AppleWebKit/537.36 (KHTML, like Gecko) Chrome/133.0.6943.53 Mobile Safari/537.36 (compatible; Googlebot/2.1; +http://www.google.com/bot.html)"
66.249.66.32 - - [23/Feb/2025:17:21:01 +0200] "GET /shopdetail/263408699 HTTP/1.1" 404 3913 "-" "Mozilla/5.0 (Linux; Android 6.0.1; Nexus 5X Build/MMB29P) AppleWebKit/537.36 (KHTML, like Gecko) Chrome/133.0.6943.53 Mobile Safari/537.36 (compatible; Googlebot/2.1; +http://www.google.com/bot.html)"
114.119.158.138 - - [23/Feb/2025:17:21:05 +0200] "GET /wishlist/?fileloc=/home/medchoco/public_html/wp-config-sample.php&path=/home/medchoco/public_html HTTP/1.1" 404 3913 "https://medcho.com/wishlist/" "Mozilla/5.0 (Linux; Android 7.0;) AppleWebKit/537.36 (KHTML, like Gecko) Mobile Safari/537.36 (compatible; PetalBot;+https://webmaster.petalsearch.com/site/petalbot)"
66.249.66.45 - - [23/Feb/2025:17:21:08 +0200] "GET /shopdetail/529764699 HTTP/1.1" 404 3913 "-" "Mozilla/5.0 (Linux; Android 6.0.1; Nexus 5X Build/MMB29P) AppleWebKit/537.36 (KHTML, like Gecko) Chrome/133.0.6943.53 Mobile Safari/537.36 (compatible; Googlebot/2.1; +http://www.google.com/bot.html)"
66.249.66.44 - - [23/Feb/2025:17:21:08 +0200] "GET /shopdetail/262480599 HTTP/1.1" 404 3913 "-" "Mozilla/5.0 (Linux; Android 6.0.1; Nexus 5X Build/MMB29P) AppleWebKit/537.36 (KHTML, like Gecko) Chrome/133.0.6943.53 Mobile Safari/537.36 (compatible; Googlebot/2.1; +http://www.google.com/bot.html)"
66.249.66.44 - - [23/Feb/2025:17:21:11 +0200] "GET /shopdetail/38885599 HTTP/1.1" 404 3913 "-" "Mozilla/5.0 (Linux; Android 6.0.1; Nexus 5X Build/MMB29P) AppleWebKit/537.36 (KHTML, like Gecko) Chrome/133.0.6943.53 Mobile Safari/537.36 (compatible; Googlebot/2.1; +http://www.google.com/bot.html)"
66.249.66.44 - - [23/Feb/2025:17:21:14 +0200] "GET /shopdetail/459752799 HTTP/1.1" 404 3913 "-" "Mozilla/5.0 (Linux; Android 6.0.1; Nexus 5X Build/MMB29P) AppleWebKit/537.36 (KHTML, like Gecko) Chrome/133.0.6943.53 Mobile Safari/537.36 (compatible; Googlebot/2.1; +http://www.google.com/bot.html)"
66.249.66.44 - - [23/Feb/2025:17:21:17 +0200] "GET /shopdetail/181359399 HTTP/1.1" 404 3913 "-" "Mozilla/5.0 (Linux; Android 6.0.1; Nexus 5X Build/MMB29P) AppleWebKit/537.36 (KHTML, like Gecko) Chrome/133.0.6943.53 Mobile Safari/537.36 (compatible; Googlebot/2.1; +http://www.google.com/bot.html)"
66.249.66.44 - - [23/Feb/2025:17:21:21 +0200] "GET /shopdetail/7113299 HTTP/1.1" 404 3913 "-" "Mozilla/5.0 (Linux; Android 6.0.1; Nexus 5X Build/MMB29P) AppleWebKit/537.36 (KHTML, like Gecko) Chrome/133.0.6943.53 Mobile Safari/537.36 (compatible; Googlebot/2.1; +http://www.google.com/bot.html)"
66.249.66.44 - - [23/Feb/2025:17:21:26 +0200] "GET /shopdetail/272996299 HTTP/1.1" 404 3913 "-" "Mozilla/5.0 (Linux; Android 6.0.1; Nexus 5X Build/MMB29P) AppleWebKit/537.36 (KHTML, like Gecko) Chrome/133.0.6943.53 Mobile Safari/537.36 (compatible; Googlebot/2.1; +http://www.google.com/bot.html)"
66.249.66.44 - - [23/Feb/2025:17:21:29 +0200] "GET /shopdetail/427364499 HTTP/1.1" 404 3913 "-" "Mozilla/5.0 (Linux; Android 6.0.1; Nexus 5X Build/MMB29P) AppleWebKit/537.36 (KHTML, like Gecko) Chrome/133.0.6943.53 Mobile Safari/537.36 (compatible; Googlebot/2.1; +http://www.google.com/bot.html)"
47.128.49.23 - - [23/Feb/2025:17:21:32 +0200] "GET /?path=%2Fhome%2Fmedchoco%2Fpublic_html%2Fwp-content%2Fthemes HTTP/1.1" 200 11156 "-" "Mozilla/5.0 (Linux; Android 5.0) AppleWebKit/537.36 (KHTML, like Gecko) Mobile Safari/537.36 (compatible; Bytespider; spider-feedback@bytedance.com)"
66.249.66.44 - - [23/Feb/2025:17:21:33 +0200] "GET /shopdetail/592891399 HTTP/1.1" 404 3913 "-" "Mozilla/5.0 (Linux; Android 6.0.1; Nexus 5X Build/MMB29P) AppleWebKit/537.36 (KHTML, like Gecko) Chrome/133.0.6943.53 Mobile Safari/537.36 (compatible; Googlebot/2.1; +http://www.google.com/bot.html)"
66.249.66.44 - - [23/Feb/2025:17:21:34 +0200] "GET /shopdetail/506603299 HTTP/1.1" 404 3913 "-" "Mozilla/5.0 (Linux; Android 6.0.1; Nexus 5X Build/MMB29P) AppleWebKit/537.36 (KHTML, like Gecko) Chrome/133.0.6943.53 Mobile Safari/537.36 (compatible; Googlebot/2.1; +http://www.google.com/bot.html)"
66.249.66.44 - - [23/Feb/2025:17:21:37 +0200] "GET /shopdetail/603714899 HTTP/1.1" 404 3913 "-" "Mozilla/5.0 (Linux; Android 6.0.1; Nexus 5X Build/MMB29P) AppleWebKit/537.36 (KHTML, like Gecko) Chrome/133.0.6943.53 Mobile Safari/537.36 (compatible; Googlebot/2.1; +http://www.google.com/bot.html)"
66.249.66.44 - - [23/Feb/2025:17:21:37 +0200] "GET /shopdetail/189042399 HTTP/1.1" 404 3913 "-" "Mozilla/5.0 (Linux; Android 6.0.1; Nexus 5X Build/MMB29P) AppleWebKit/537.36 (KHTML, like Gecko) Chrome/133.0.6943.53 Mobile Safari/537.36 (compatible; Googlebot/2.1; +http://www.google.com/bot.html)"
66.249.66.44 - - [23/Feb/2025:17:21:41 +0200] "GET /shopdetail/71547799 HTTP/1.1" 404 3913 "-" "Mozilla/5.0 (Linux; Android 6.0.1; Nexus 5X Build/MMB29P) AppleWebKit/537.36 (KHTML, like Gecko) Chrome/133.0.6943.53 Mobile Safari/537.36 (compatible; Googlebot/2.1; +http://www.google.com/bot.html)"
66.249.66.44 - - [23/Feb/2025:17:21:42 +0200] "GET /shopdetail/411594299 HTTP/1.1" 404 3913 "-" "Mozilla/5.0 (Linux; Android 6.0.1; Nexus 5X Build/MMB29P) AppleWebKit/537.36 (KHTML, like Gecko) Chrome/133.0.6943.53 Mobile Safari/537.36 (compatible; GoogleOther)"
66.249.66.44 - - [23/Feb/2025:17:21:49 +0200] "GET /shopdetail/313455399 HTTP/1.1" 404 3913 "-" "Mozilla/5.0 (Linux; Android 6.0.1; Nexus 5X Build/MMB29P) AppleWebKit/537.36 (KHTML, like Gecko) Chrome/133.0.6943.53 Mobile Safari/537.36 (compatible; Googlebot/2.1; +http://www.google.com/bot.html)"
66.249.66.44 - - [23/Feb/2025:17:21:53 +0200] "GET /shopdetail/409853899 HTTP/1.1" 404 3913 "-" "Mozilla/5.0 (Linux; Android 6.0.1; Nexus 5X Build/MMB29P) AppleWebKit/537.36 (KHTML, like Gecko) Chrome/133.0.6943.53 Mobile Safari/537.36 (compatible; Googlebot/2.1; +http://www.google.com/bot.html)"
66.249.66.44 - - [23/Feb/2025:17:21:53 +0200] "GET /shopdetail/244816099 HTTP/1.1" 404 3913 "-" "Mozilla/5.0 (Linux; Android 6.0.1; Nexus 5X Build/MMB29P) AppleWebKit/537.36 (KHTML, like Gecko) Chrome/133.0.6943.53 Mobile Safari/537.36 (compatible; Googlebot/2.1; +http://www.google.com/bot.html)"
66.249.66.44 - - [23/Feb/2025:17:21:56 +0200] "GET /shopdetail/522467999 HTTP/1.1" 404 3913 "-" "Mozilla/5.0 (Linux; Android 6.0.1; Nexus 5X Build/MMB29P) AppleWebKit/537.36 (KHTML, like Gecko) Chrome/133.0.6943.53 Mobile Safari/537.36 (compatible; Googlebot/2.1; +http://www.google.com/bot.html)"
66.249.66.44 - - [23/Feb/2025:17:21:59 +0200] "GET /shopdetail/155530299 HTTP/1.1" 404 3913 "-" "Mozilla/5.0 (Linux; Android 6.0.1; Nexus 5X Build/MMB29P) AppleWebKit/537.36 (KHTML, like Gecko) Chrome/133.0.6943.53 Mobile Safari/537.36 (compatible; Googlebot/2.1; +http://www.google.com/bot.html)"
66.249.66.44 - - [23/Feb/2025:17:21:59 +0200] "GET /shopdetail/90910299 HTTP/1.1" 404 3913 "-" "Mozilla/5.0 (Linux; Android 6.0.1; Nexus 5X Build/MMB29P) AppleWebKit/537.36 (KHTML, like Gecko) Chrome/133.0.6943.53 Mobile Safari/537.36 (compatible; Googlebot/2.1; +http://www.google.com/bot.html)"
66.249.66.44 - - [23/Feb/2025:17:22:02 +0200] "GET /shopdetail/21190199 HTTP/1.1" 404 3913 "-" "Mozilla/5.0 (Linux; Android 6.0.1; Nexus 5X Build/MMB29P) AppleWebKit/537.36 (KHTML, like Gecko) Chrome/133.0.6943.53 Mobile Safari/537.36 (compatible; Googlebot/2.1; +http://www.google.com/bot.html)"
66.249.66.32 - - [23/Feb/2025:17:22:06 +0200] "GET /shopdetail/26843799 HTTP/1.1" 404 3913 "-" "Mozilla/5.0 (Linux; Android 6.0.1; Nexus 5X Build/MMB29P) AppleWebKit/537.36 (KHTML, like Gecko) Chrome/133.0.6943.53 Mobile Safari/537.36 (compatible; Googlebot/2.1; +http://www.google.com/bot.html)"
66.249.66.45 - - [23/Feb/2025:17:22:13 +0200] "GET /shopdetail/360886399 HTTP/1.1" 404 3913 "-" "Mozilla/5.0 (Linux; Android 6.0.1; Nexus 5X Build/MMB29P) AppleWebKit/537.36 (KHTML, like Gecko) Chrome/133.0.6943.53 Mobile Safari/537.36 (compatible; Googlebot/2.1; +http://www.google.com/bot.html)"
66.249.66.44 - - [23/Feb/2025:17:22:16 +0200] "GET /shopdetail/636717899 HTTP/1.1" 404 3913 "-" "Mozilla/5.0 (Linux; Android 6.0.1; Nexus 5X Build/MMB29P) AppleWebKit/537.36 (KHTML, like Gecko) Chrome/133.0.6943.53 Mobile Safari/537.36 (compatible; Googlebot/2.1; +http://www.google.com/bot.html)"
66.249.66.44 - - [23/Feb/2025:17:22:17 +0200] "GET /pcmypage?callback=/product%2Fdetail%2F84570688 HTTP/1.1" 404 3913 "-" "Mozilla/5.0 (Linux; Android 6.0.1; Nexus 5X Build/MMB29P) AppleWebKit/537.36 (KHTML, like Gecko) Chrome/133.0.6943.53 Mobile Safari/537.36 (compatible; Googlebot/2.1; +http://www.google.com/bot.html)"
66.249.66.44 - - [23/Feb/2025:17:22:20 +0200] "GET /shopdetail/35496899 HTTP/1.1" 404 3913 "-" "Mozilla/5.0 (Linux; Android 6.0.1; Nexus 5X Build/MMB29P) AppleWebKit/537.36 (KHTML, like Gecko) Chrome/133.0.6943.53 Mobile Safari/537.36 (compatible; Googlebot/2.1; +http://www.google.com/bot.html)"
47.128.18.227 - - [23/Feb/2025:17:22:20 +0200] "GET /?fileloc=%2Fhome%2Fmedchoco%2Fpublic_html%2Fwp-includes%2Fadmin-bar.php&path=%2Fhome%2Fmedchoco%2Fpublic_html%2Fwp-includes HTTP/1.1" 200 49216 "-" "Mozilla/5.0 (Linux; Android 5.0) AppleWebKit/537.36 (KHTML, like Gecko) Mobile Safari/537.36 (compatible; Bytespider; spider-feedback@bytedance.com)"
66.249.66.44 - - [23/Feb/2025:17:22:21 +0200] "GET /?add_to_wishlist=5954&action=yith-woocompare-add-product&id=6091&_wpnonce=67c14b93ee HTTP/1.1" 200 127556 "-" "Mozilla/5.0 (Linux; Android 6.0.1; Nexus 5X Build/MMB29P) AppleWebKit/537.36 (KHTML, like Gecko) Chrome/133.0.6943.126 Mobile Safari/537.36 (compatible; Googlebot/2.1; +http://www.google.com/bot.html)"
66.249.66.44 - - [23/Feb/2025:17:22:23 +0200] "GET /shopdetail/39017999 HTTP/1.1" 404 3913 "-" "Mozilla/5.0 (Linux; Android 6.0.1; Nexus 5X Build/MMB29P) AppleWebKit/537.36 (KHTML, like Gecko) Chrome/133.0.6943.53 Mobile Safari/537.36 (compatible; Googlebot/2.1; +http://www.google.com/bot.html)"
66.249.66.44 - - [23/Feb/2025:17:22:26 +0200] "GET /shopdetail/2525499 HTTP/1.1" 404 3913 "-" "Mozilla/5.0 (Linux; Android 6.0.1; Nexus 5X Build/MMB29P) AppleWebKit/537.36 (KHTML, like Gecko) Chrome/133.0.6943.53 Mobile Safari/537.36 (compatible; Googlebot/2.1; +http://www.google.com/bot.html)"
66.249.66.44 - - [23/Feb/2025:17:22:34 +0200] "GET /shopdetail/228594999 HTTP/1.1" 404 3913 "-" "Mozilla/5.0 (Linux; Android 6.0.1; Nexus 5X Build/MMB29P) AppleWebKit/537.36 (KHTML, like Gecko) Chrome/133.0.6943.53 Mobile Safari/537.36 (compatible; Googlebot/2.1; +http://www.google.com/bot.html)"
66.249.66.44 - - [23/Feb/2025:17:22:37 +0200] "GET /shopdetail/55296899 HTTP/1.1" 404 3913 "-" "Mozilla/5.0 (Linux; Android 6.0.1; Nexus 5X Build/MMB29P) AppleWebKit/537.36 (KHTML, like Gecko) Chrome/133.0.6943.53 Mobile Safari/537.36 (compatible; Googlebot/2.1; +http://www.google.com/bot.html)"
66.249.66.44 - - [23/Feb/2025:17:22:38 +0200] "GET /shopdetail/274577799 HTTP/1.1" 404 3913 "-" "Mozilla/5.0 (Linux; Android 6.0.1; Nexus 5X Build/MMB29P) AppleWebKit/537.36 (KHTML, like Gecko) Chrome/133.0.6943.53 Mobile Safari/537.36 (compatible; GoogleOther)"
66.249.66.44 - - [23/Feb/2025:17:22:40 +0200] "GET /shopdetail/411727999 HTTP/1.1" 404 3913 "-" "Mozilla/5.0 (Linux; Android 6.0.1; Nexus 5X Build/MMB29P) AppleWebKit/537.36 (KHTML, like Gecko) Chrome/133.0.6943.53 Mobile Safari/537.36 (compatible; Googlebot/2.1; +http://www.google.com/bot.html)"
66.249.66.44 - - [23/Feb/2025:17:22:43 +0200] "GET /shopdetail/180073799 HTTP/1.1" 404 3913 "-" "Mozilla/5.0 (Linux; Android 6.0.1; Nexus 5X Build/MMB29P) AppleWebKit/537.36 (KHTML, like Gecko) Chrome/133.0.6943.53 Mobile Safari/537.36 (compatible; Googlebot/2.1; +http://www.google.com/bot.html)"
157.55.39.197 - - [23/Feb/2025:17:22:49 +0200] "GET /product/biolevox-ha-sodium-hyaluronate-2-2-44mg-2ml%D8%AD%D9%82%D9%86%D8%A9-%D8%AD%D9%85%D8%B6-%D8%A7%D9%84%D9%87%D9%8A%D8%A7%D9%84%D9%88%D8%B1%D9%88%D9%86%D9%8A%D9%83-%D8%AA%D8%B1%D9%83%D9%8A%D8%B2-2-2/?action=yith-woocompare-add-product&id=5927 HTTP/1.1" 404 3913 "-" "Mozilla/5.0 AppleWebKit/537.36 (KHTML, like Gecko; compatible; bingbot/2.0; +http://www.bing.com/bingbot.htm) Chrome/116.0.1938.76 Safari/537.36"
66.249.66.44 - - [23/Feb/2025:17:22:50 +0200] "GET /shopdetail/478738699 HTTP/1.1" 404 3913 "-" "Mozilla/5.0 (Linux; Android 6.0.1; Nexus 5X Build/MMB29P) AppleWebKit/537.36 (KHTML, like Gecko) Chrome/133.0.6943.53 Mobile Safari/537.36 (compatible; Googlebot/2.1; +http://www.google.com/bot.html)"
66.249.66.44 - - [23/Feb/2025:17:22:50 +0200] "GET /shopdetail/381869999 HTTP/1.1" 404 3913 "-" "Mozilla/5.0 (Linux; Android 6.0.1; Nexus 5X Build/MMB29P) AppleWebKit/537.36 (KHTML, like Gecko) Chrome/133.0.6943.53 Mobile Safari/537.36 (compatible; Googlebot/2.1; +http://www.google.com/bot.html)"
66.249.66.44 - - [23/Feb/2025:17:22:53 +0200] "GET /shopdetail/440630999 HTTP/1.1" 404 3913 "-" "Mozilla/5.0 (Linux; Android 6.0.1; Nexus 5X Build/MMB29P) AppleWebKit/537.36 (KHTML, like Gecko) Chrome/133.0.6943.53 Mobile Safari/537.36 (compatible; Googlebot/2.1; +http://www.google.com/bot.html)"
66.249.66.44 - - [23/Feb/2025:17:22:56 +0200] "GET /shopdetail/58319399 HTTP/1.1" 404 3913 "-" "Mozilla/5.0 (Linux; Android 6.0.1; Nexus 5X Build/MMB29P) AppleWebKit/537.36 (KHTML, like Gecko) Chrome/133.0.6943.53 Mobile Safari/537.36 (compatible; Googlebot/2.1; +http://www.google.com/bot.html)"
66.249.66.44 - - [23/Feb/2025:17:23:00 +0200] "GET /shopdetail/149264299 HTTP/1.1" 404 3913 "-" "Mozilla/5.0 (Linux; Android 6.0.1; Nexus 5X Build/MMB29P) AppleWebKit/537.36 (KHTML, like Gecko) Chrome/133.0.6943.53 Mobile Safari/537.36 (compatible; Googlebot/2.1; +http://www.google.com/bot.html)"
52.167.144.222 - - [23/Feb/2025:17:23:02 +0200] "GET /sitemap.xml HTTP/1.1" 404 3913 "-" "Mozilla/5.0 AppleWebKit/537.36 (KHTML, like Gecko; compatible; bingbot/2.0; +http://www.bing.com/bingbot.htm) Chrome/116.0.1938.76 Safari/537.36"
66.249.66.44 - - [23/Feb/2025:17:23:03 +0200] "GET /shopdetail/98506999 HTTP/1.1" 404 3913 "-" "Mozilla/5.0 (Linux; Android 6.0.1; Nexus 5X Build/MMB29P) AppleWebKit/537.36 (KHTML, like Gecko) Chrome/133.0.6943.53 Mobile Safari/537.36 (compatible; Googlebot/2.1; +http://www.google.com/bot.html)"
52.167.144.212 - - [23/Feb/2025:17:23:06 +0200] "GET /wp-sitemap-posts-post-1.xml HTTP/1.1" 404 3913 "-" "Mozilla/5.0 AppleWebKit/537.36 (KHTML, like Gecko; compatible; bingbot/2.0; +http://www.bing.com/bingbot.htm) Chrome/116.0.1938.76 Safari/537.36"
66.249.66.44 - - [23/Feb/2025:17:23:06 +0200] "GET /shopdetail/413586099 HTTP/1.1" 404 3913 "-" "Mozilla/5.0 (Linux; Android 6.0.1; Nexus 5X Build/MMB29P) AppleWebKit/537.36 (KHTML, like Gecko) Chrome/133.0.6943.53 Mobile Safari/537.36 (compatible; Googlebot/2.1; +http://www.google.com/bot.html)"
52.167.144.212 - - [23/Feb/2025:17:23:07 +0200] "GET /wp-sitemap-posts-product-1.xml HTTP/1.1" 404 3913 "-" "Mozilla/5.0 AppleWebKit/537.36 (KHTML, like Gecko; compatible; bingbot/2.0; +http://www.bing.com/bingbot.htm) Chrome/116.0.1938.76 Safari/537.36"
47.128.121.180 - - [23/Feb/2025:17:23:08 +0200] "GET /?path=%2F%2Fsbin HTTP/1.1" 200 28842 "-" "Mozilla/5.0 (Linux; Android 5.0) AppleWebKit/537.36 (KHTML, like Gecko) Mobile Safari/537.36 (compatible; Bytespider; spider-feedback@bytedance.com)"
66.249.66.44 - - [23/Feb/2025:17:23:14 +0200] "GET /shopdetail/523818099 HTTP/1.1" 404 3913 "-" "Mozilla/5.0 (Linux; Android 6.0.1; Nexus 5X Build/MMB29P) AppleWebKit/537.36 (KHTML, like Gecko) Chrome/133.0.6943.53 Mobile Safari/537.36 (compatible; Googlebot/2.1; +http://www.google.com/bot.html)"
66.249.66.44 - - [23/Feb/2025:17:23:17 +0200] "GET /shopdetail/486201799 HTTP/1.1" 404 3913 "-" "Mozilla/5.0 (Linux; Android 6.0.1; Nexus 5X Build/MMB29P) AppleWebKit/537.36 (KHTML, like Gecko) Chrome/133.0.6943.53 Mobile Safari/537.36 (compatible; Googlebot/2.1; +http://www.google.com/bot.html)"
66.249.66.44 - - [23/Feb/2025:17:23:19 +0200] "GET /?add_to_wishlist=5960&action=yith-woocompare-add-product&id=5828&_wpnonce=67c14b93ee HTTP/1.1" 200 127061 "-" "Mozilla/5.0 (Linux; Android 6.0.1; Nexus 5X Build/MMB29P) AppleWebKit/537.36 (KHTML, like Gecko) Chrome/133.0.6943.126 Mobile Safari/537.36 (compatible; Googlebot/2.1; +http://www.google.com/bot.html)"
66.249.66.44 - - [23/Feb/2025:17:23:23 +0200] "GET /shopdetail/323083499 HTTP/1.1" 404 3913 "-" "Mozilla/5.0 (Linux; Android 6.0.1; Nexus 5X Build/MMB29P) AppleWebKit/537.36 (KHTML, like Gecko) Chrome/133.0.6943.53 Mobile Safari/537.36 (compatible; Googlebot/2.1; +http://www.google.com/bot.html)"
66.249.66.44 - - [23/Feb/2025:17:23:26 +0200] "GET /shopdetail/455241299 HTTP/1.1" 404 3913 "-" "Mozilla/5.0 (Linux; Android 6.0.1; Nexus 5X Build/MMB29P) AppleWebKit/537.36 (KHTML, like Gecko) Chrome/133.0.6943.53 Mobile Safari/537.36 (compatible; Googlebot/2.1; +http://www.google.com/bot.html)"
66.249.66.44 - - [23/Feb/2025:17:23:26 +0200] "GET /shopdetail/48461099 HTTP/1.1" 404 3913 "-" "Mozilla/5.0 (Linux; Android 6.0.1; Nexus 5X Build/MMB29P) AppleWebKit/537.36 (KHTML, like Gecko) Chrome/133.0.6943.53 Mobile Safari/537.36 (compatible; Googlebot/2.1; +http://www.google.com/bot.html)"
66.249.66.44 - - [23/Feb/2025:17:23:31 +0200] "GET /shopdetail/377371299 HTTP/1.1" 404 3913 "-" "Mozilla/5.0 (Linux; Android 6.0.1; Nexus 5X Build/MMB29P) AppleWebKit/537.36 (KHTML, like Gecko) Chrome/133.0.6943.53 Mobile Safari/537.36 (compatible; Googlebot/2.1; +http://www.google.com/bot.html)"
66.249.66.44 - - [23/Feb/2025:17:23:34 +0200] "GET /shopdetail/404551499 HTTP/1.1" 404 3913 "-" "Mozilla/5.0 (Linux; Android 6.0.1; Nexus 5X Build/MMB29P) AppleWebKit/537.36 (KHTML, like Gecko) Chrome/133.0.6943.53 Mobile Safari/537.36 (compatible; Googlebot/2.1; +http://www.google.com/bot.html)"
66.249.66.44 - - [23/Feb/2025:17:23:40 +0200] "GET /shopdetail/481044899 HTTP/1.1" 404 3913 "-" "Mozilla/5.0 (Linux; Android 6.0.1; Nexus 5X Build/MMB29P) AppleWebKit/537.36 (KHTML, like Gecko) Chrome/133.0.6943.53 Mobile Safari/537.36 (compatible; Googlebot/2.1; +http://www.google.com/bot.html)"
66.249.66.44 - - [23/Feb/2025:17:23:41 +0200] "GET /shopdetail/639011099 HTTP/1.1" 404 3913 "-" "Mozilla/5.0 (Linux; Android 6.0.1; Nexus 5X Build/MMB29P) AppleWebKit/537.36 (KHTML, like Gecko) Chrome/133.0.6943.53 Mobile Safari/537.36 (compatible; GoogleOther)"
66.249.66.44 - - [23/Feb/2025:17:23:41 +0200] "GET /shopdetail/536762099 HTTP/1.1" 404 3913 "-" "Mozilla/5.0 (Linux; Android 6.0.1; Nexus 5X Build/MMB29P) AppleWebKit/537.36 (KHTML, like Gecko) Chrome/133.0.6943.53 Mobile Safari/537.36 (compatible; Googlebot/2.1; +http://www.google.com/bot.html)"
66.249.66.44 - - [23/Feb/2025:17:23:44 +0200] "GET /shopdetail/352767399 HTTP/1.1" 404 3913 "-" "Mozilla/5.0 (Linux; Android 6.0.1; Nexus 5X Build/MMB29P) AppleWebKit/537.36 (KHTML, like Gecko) Chrome/133.0.6943.53 Mobile Safari/537.36 (compatible; Googlebot/2.1; +http://www.google.com/bot.html)"
66.249.66.44 - - [23/Feb/2025:17:23:44 +0200] "GET /shopdetail/457940499 HTTP/1.1" 404 3913 "-" "Mozilla/5.0 (Linux; Android 6.0.1; Nexus 5X Build/MMB29P) AppleWebKit/537.36 (KHTML, like Gecko) Chrome/133.0.6943.53 Mobile Safari/537.36 (compatible; Googlebot/2.1; +http://www.google.com/bot.html)"
66.249.66.44 - - [23/Feb/2025:17:23:44 +0200] "GET /shopdetail/27733799 HTTP/1.1" 404 3913 "-" "Mozilla/5.0 (Linux; Android 6.0.1; Nexus 5X Build/MMB29P) AppleWebKit/537.36 (KHTML, like Gecko) Chrome/133.0.6943.53 Mobile Safari/537.36 (compatible; Googlebot/2.1; +http://www.google.com/bot.html)"
66.249.66.44 - - [23/Feb/2025:17:23:45 +0200] "GET /shopdetail/112870799 HTTP/1.1" 404 3913 "-" "Mozilla/5.0 (Linux; Android 6.0.1; Nexus 5X Build/MMB29P) AppleWebKit/537.36 (KHTML, like Gecko) Chrome/133.0.6943.53 Mobile Safari/537.36 (compatible; Googlebot/2.1; +http://www.google.com/bot.html)"
66.249.66.44 - - [23/Feb/2025:17:23:48 +0200] "GET /shopdetail/80299199 HTTP/1.1" 404 3913 "-" "Mozilla/5.0 (Linux; Android 6.0.1; Nexus 5X Build/MMB29P) AppleWebKit/537.36 (KHTML, like Gecko) Chrome/133.0.6943.53 Mobile Safari/537.36 (compatible; Googlebot/2.1; +http://www.google.com/bot.html)"
66.249.66.44 - - [23/Feb/2025:17:23:51 +0200] "GET /shopdetail/155058299 HTTP/1.1" 404 3913 "-" "Mozilla/5.0 (Linux; Android 6.0.1; Nexus 5X Build/MMB29P) AppleWebKit/537.36 (KHTML, like Gecko) Chrome/133.0.6943.53 Mobile Safari/537.36 (compatible; Googlebot/2.1; +http://www.google.com/bot.html)"
47.128.38.216 - - [23/Feb/2025:17:23:56 +0200] "GET /?fileloc=%2Fhome%2Fmedchoco%2Fpublic_html%2Fwp-includes%2Fclass-wp-site.php&path=%2Fhome%2Fmedchoco%2Fpublic_html%2Fwp-includes HTTP/1.1" 200 11324 "-" "Mozilla/5.0 (Linux; Android 5.0) AppleWebKit/537.36 (KHTML, like Gecko) Mobile Safari/537.36 (compatible; Bytespider; spider-feedback@bytedance.com)"
66.249.66.44 - - [23/Feb/2025:17:23:57 +0200] "GET /shopdetail/495088199 HTTP/1.1" 404 3913 "-" "Mozilla/5.0 (Linux; Android 6.0.1; Nexus 5X Build/MMB29P) AppleWebKit/537.36 (KHTML, like Gecko) Chrome/133.0.6943.53 Mobile Safari/537.36 (compatible; Googlebot/2.1; +http://www.google.com/bot.html)"
66.249.66.44 - - [23/Feb/2025:17:24:00 +0200] "GET /shopdetail/303630299 HTTP/1.1" 404 3913 "-" "Mozilla/5.0 (Linux; Android 6.0.1; Nexus 5X Build/MMB29P) AppleWebKit/537.36 (KHTML, like Gecko) Chrome/133.0.6943.53 Mobile Safari/537.36 (compatible; Googlebot/2.1; +http://www.google.com/bot.html)"
66.249.66.44 - - [23/Feb/2025:17:24:03 +0200] "GET /safe_search/config?return_url=%2Fproduct%2Fdetail%2F11253187 HTTP/1.1" 404 3913 "-" "Mozilla/5.0 (Linux; Android 6.0.1; Nexus 5X Build/MMB29P) AppleWebKit/537.36 (KHTML, like Gecko) Chrome/133.0.6943.53 Mobile Safari/537.36 (compatible; Googlebot/2.1; +http://www.google.com/bot.html)"
66.249.66.44 - - [23/Feb/2025:17:24:07 +0200] "GET /shopdetail/589110499 HTTP/1.1" 404 3913 "-" "Mozilla/5.0 (Linux; Android 6.0.1; Nexus 5X Build/MMB29P) AppleWebKit/537.36 (KHTML, like Gecko) Chrome/133.0.6943.53 Mobile Safari/537.36 (compatible; Googlebot/2.1; +http://www.google.com/bot.html)"
66.249.66.44 - - [23/Feb/2025:17:24:11 +0200] "GET /shopdetail/19685899 HTTP/1.1" 404 3913 "-" "Mozilla/5.0 (Linux; Android 6.0.1; Nexus 5X Build/MMB29P) AppleWebKit/537.36 (KHTML, like Gecko) Chrome/133.0.6943.53 Mobile Safari/537.36 (compatible; Googlebot/2.1; +http://www.google.com/bot.html)"
66.249.66.44 - - [23/Feb/2025:17:24:14 +0200] "GET /shopdetail/300252999 HTTP/1.1" 404 3913 "-" "Mozilla/5.0 (Linux; Android 6.0.1; Nexus 5X Build/MMB29P) AppleWebKit/537.36 (KHTML, like Gecko) Chrome/133.0.6943.53 Mobile Safari/537.36 (compatible; Googlebot/2.1; +http://www.google.com/bot.html)"
66.249.66.44 - - [23/Feb/2025:17:24:17 +0200] "GET /shopdetail/493209699 HTTP/1.1" 404 3913 "-" "Mozilla/5.0 (Linux; Android 6.0.1; Nexus 5X Build/MMB29P) AppleWebKit/537.36 (KHTML, like Gecko) Chrome/133.0.6943.53 Mobile Safari/537.36 (compatible; Googlebot/2.1; +http://www.google.com/bot.html)"
66.249.66.44 - - [23/Feb/2025:17:24:20 +0200] "GET /shopdetail/424236499 HTTP/1.1" 404 3913 "-" "Mozilla/5.0 (Linux; Android 6.0.1; Nexus 5X Build/MMB29P) AppleWebKit/537.36 (KHTML, like Gecko) Chrome/133.0.6943.53 Mobile Safari/537.36 (compatible; Googlebot/2.1; +http://www.google.com/bot.html)"
66.249.66.44 - - [23/Feb/2025:17:24:20 +0200] "GET /shopdetail/554655899 HTTP/1.1" 404 3913 "-" "Mozilla/5.0 (Linux; Android 6.0.1; Nexus 5X Build/MMB29P) AppleWebKit/537.36 (KHTML, like Gecko) Chrome/133.0.6943.53 Mobile Safari/537.36 (compatible; Googlebot/2.1; +http://www.google.com/bot.html)"
66.249.66.44 - - [23/Feb/2025:17:24:24 +0200] "GET /shopdetail/289265399 HTTP/1.1" 404 3913 "-" "Mozilla/5.0 (Linux; Android 6.0.1; Nexus 5X Build/MMB29P) AppleWebKit/537.36 (KHTML, like Gecko) Chrome/133.0.6943.53 Mobile Safari/537.36 (compatible; Googlebot/2.1; +http://www.google.com/bot.html)"
66.249.66.44 - - [23/Feb/2025:17:24:26 +0200] "GET /shopdetail/487215499 HTTP/1.1" 404 3913 "-" "Mozilla/5.0 (Linux; Android 6.0.1; Nexus 5X Build/MMB29P) AppleWebKit/537.36 (KHTML, like Gecko) Chrome/133.0.6943.53 Mobile Safari/537.36 (compatible; Googlebot/2.1; +http://www.google.com/bot.html)"
66.249.66.44 - - [23/Feb/2025:17:24:35 +0200] "GET /shopdetail/414038299 HTTP/1.1" 404 3913 "-" "Mozilla/5.0 (Linux; Android 6.0.1; Nexus 5X Build/MMB29P) AppleWebKit/537.36 (KHTML, like Gecko) Chrome/133.0.6943.53 Mobile Safari/537.36 (compatible; Googlebot/2.1; +http://www.google.com/bot.html)"
66.249.66.44 - - [23/Feb/2025:17:24:38 +0200] "GET /shopdetail/99949699 HTTP/1.1" 404 3913 "-" "Mozilla/5.0 (Linux; Android 6.0.1; Nexus 5X Build/MMB29P) AppleWebKit/537.36 (KHTML, like Gecko) Chrome/133.0.6943.53 Mobile Safari/537.36 (compatible; Googlebot/2.1; +http://www.google.com/bot.html)"
66.249.66.44 - - [23/Feb/2025:17:24:38 +0200] "GET /shopdetail/458849899 HTTP/1.1" 404 3913 "-" "Mozilla/5.0 (Linux; Android 6.0.1; Nexus 5X Build/MMB29P) AppleWebKit/537.36 (KHTML, like Gecko) Chrome/133.0.6943.53 Mobile Safari/537.36 (compatible; Googlebot/2.1; +http://www.google.com/bot.html)"
66.249.66.44 - - [23/Feb/2025:17:24:42 +0200] "GET /shopdetail/394977499 HTTP/1.1" 404 3913 "-" "Mozilla/5.0 (Linux; Android 6.0.1; Nexus 5X Build/MMB29P) AppleWebKit/537.36 (KHTML, like Gecko) Chrome/133.0.6943.53 Mobile Safari/537.36 (compatible; Googlebot/2.1; +http://www.google.com/bot.html)"
66.249.66.44 - - [23/Feb/2025:17:24:43 +0200] "GET /shopdetail/582785699 HTTP/1.1" 404 3913 "-" "Mozilla/5.0 (Linux; Android 6.0.1; Nexus 5X Build/MMB29P) AppleWebKit/537.36 (KHTML, like Gecko) Chrome/133.0.6943.53 Mobile Safari/537.36 (compatible; GoogleOther)"
47.128.38.100 - - [23/Feb/2025:17:24:44 +0200] "GET /?fileloc=%2Fhome%2Fmedchoco%2Fpublic_html%2Fwp-admin%2Fauthorize-application.php&path=%2Fhome%2Fmedchoco%2Fpublic_html%2Fwp-admin HTTP/1.1" 200 15805 "-" "Mozilla/5.0 (Linux; Android 5.0) AppleWebKit/537.36 (KHTML, like Gecko) Mobile Safari/537.36 (compatible; Bytespider; spider-feedback@bytedance.com)"
66.249.66.44 - - [23/Feb/2025:17:24:46 +0200] "GET /shopdetail/272773999 HTTP/1.1" 404 3913 "-" "Mozilla/5.0 (Linux; Android 6.0.1; Nexus 5X Build/MMB29P) AppleWebKit/537.36 (KHTML, like Gecko) Chrome/133.0.6943.53 Mobile Safari/537.36 (compatible; Googlebot/2.1; +http://www.google.com/bot.html)"
66.249.66.44 - - [23/Feb/2025:17:24:49 +0200] "GET /shopdetail/582621399 HTTP/1.1" 404 3913 "-" "Mozilla/5.0 (Linux; Android 6.0.1; Nexus 5X Build/MMB29P) AppleWebKit/537.36 (KHTML, like Gecko) Chrome/133.0.6943.53 Mobile Safari/537.36 (compatible; Googlebot/2.1; +http://www.google.com/bot.html)"
66.249.66.44 - - [23/Feb/2025:17:24:55 +0200] "GET /shopdetail/121894699 HTTP/1.1" 404 3913 "-" "Mozilla/5.0 (Linux; Android 6.0.1; Nexus 5X Build/MMB29P) AppleWebKit/537.36 (KHTML, like Gecko) Chrome/133.0.6943.53 Mobile Safari/537.36 (compatible; Googlebot/2.1; +http://www.google.com/bot.html)"
66.249.66.44 - - [23/Feb/2025:17:24:58 +0200] "GET /shopdetail/142950299 HTTP/1.1" 404 3913 "-" "Mozilla/5.0 (Linux; Android 6.0.1; Nexus 5X Build/MMB29P) AppleWebKit/537.36 (KHTML, like Gecko) Chrome/133.0.6943.53 Mobile Safari/537.36 (compatible; Googlebot/2.1; +http://www.google.com/bot.html)"
66.249.66.44 - - [23/Feb/2025:17:24:58 +0200] "GET /safe_search/config?return_url=%2Fproduct%2Fdetail%2F93583764 HTTP/1.1" 404 3913 "-" "Mozilla/5.0 (Linux; Android 6.0.1; Nexus 5X Build/MMB29P) AppleWebKit/537.36 (KHTML, like Gecko) Chrome/133.0.6943.53 Mobile Safari/537.36 (compatible; Googlebot/2.1; +http://www.google.com/bot.html)"
66.249.66.45 - - [23/Feb/2025:17:25:01 +0200] "GET /shopdetail/494879099 HTTP/1.1" 404 3913 "-" "Mozilla/5.0 (Linux; Android 6.0.1; Nexus 5X Build/MMB29P) AppleWebKit/537.36 (KHTML, like Gecko) Chrome/133.0.6943.53 Mobile Safari/537.36 (compatible; Googlebot/2.1; +http://www.google.com/bot.html)"
66.249.66.44 - - [23/Feb/2025:17:25:10 +0200] "GET /shopdetail/471516399 HTTP/1.1" 404 3913 "-" "Mozilla/5.0 (Linux; Android 6.0.1; Nexus 5X Build/MMB29P) AppleWebKit/537.36 (KHTML, like Gecko) Chrome/133.0.6943.53 Mobile Safari/537.36 (compatible; Googlebot/2.1; +http://www.google.com/bot.html)"
66.249.66.45 - - [23/Feb/2025:17:25:13 +0200] "GET /shopdetail/407985399 HTTP/1.1" 404 3913 "-" "Mozilla/5.0 (Linux; Android 6.0.1; Nexus 5X Build/MMB29P) AppleWebKit/537.36 (KHTML, like Gecko) Chrome/133.0.6943.53 Mobile Safari/537.36 (compatible; Googlebot/2.1; +http://www.google.com/bot.html)"
66.249.66.44 - - [23/Feb/2025:17:25:16 +0200] "GET /shopdetail/556609799 HTTP/1.1" 404 3913 "-" "Mozilla/5.0 (Linux; Android 6.0.1; Nexus 5X Build/MMB29P) AppleWebKit/537.36 (KHTML, like Gecko) Chrome/133.0.6943.53 Mobile Safari/537.36 (compatible; Googlebot/2.1; +http://www.google.com/bot.html)"
66.249.66.44 - - [23/Feb/2025:17:25:20 +0200] "GET /shopdetail/430596299 HTTP/1.1" 404 3913 "-" "Mozilla/5.0 (Linux; Android 6.0.1; Nexus 5X Build/MMB29P) AppleWebKit/537.36 (KHTML, like Gecko) Chrome/133.0.6943.53 Mobile Safari/537.36 (compatible; Googlebot/2.1; +http://www.google.com/bot.html)"
66.249.66.44 - - [23/Feb/2025:17:25:20 +0200] "GET /shopdetail/247065299 HTTP/1.1" 404 3913 "-" "Mozilla/5.0 (Linux; Android 6.0.1; Nexus 5X Build/MMB29P) AppleWebKit/537.36 (KHTML, like Gecko) Chrome/133.0.6943.53 Mobile Safari/537.36 (compatible; Googlebot/2.1; +http://www.google.com/bot.html)"
66.249.66.44 - - [23/Feb/2025:17:25:26 +0200] "GET /shopdetail/449437599 HTTP/1.1" 404 3913 "-" "Mozilla/5.0 (Linux; Android 6.0.1; Nexus 5X Build/MMB29P) AppleWebKit/537.36 (KHTML, like Gecko) Chrome/133.0.6943.53 Mobile Safari/537.36 (compatible; Googlebot/2.1; +http://www.google.com/bot.html)"
66.249.66.44 - - [23/Feb/2025:17:25:30 +0200] "GET /shopdetail/291878199 HTTP/1.1" 404 3913 "-" "Mozilla/5.0 (Linux; Android 6.0.1; Nexus 5X Build/MMB29P) AppleWebKit/537.36 (KHTML, like Gecko) Chrome/133.0.6943.53 Mobile Safari/537.36 (compatible; Googlebot/2.1; +http://www.google.com/bot.html)"
66.249.66.44 - - [23/Feb/2025:17:25:30 +0200] "GET /shopdetail/93047099 HTTP/1.1" 404 3913 "-" "Mozilla/5.0 (Linux; Android 6.0.1; Nexus 5X Build/MMB29P) AppleWebKit/537.36 (KHTML, like Gecko) Chrome/133.0.6943.53 Mobile Safari/537.36 (compatible; Googlebot/2.1; +http://www.google.com/bot.html)"
47.128.61.138 - - [23/Feb/2025:17:25:32 +0200] "GET /?fileloc=%2Fhome%2Fmedchoco%2Fpublic_html%2Fwp-includes%2Fcategory.php&path=%2Fhome%2Fmedchoco%2Fpublic_html%2Fwp-includes HTTP/1.1" 200 17011 "-" "Mozilla/5.0 (Linux; Android 5.0) AppleWebKit/537.36 (KHTML, like Gecko) Mobile Safari/537.36 (compatible; Bytespider; spider-feedback@bytedance.com)"
66.249.66.44 - - [23/Feb/2025:17:25:33 +0200] "GET /shopdetail/146817899 HTTP/1.1" 404 3913 "-" "Mozilla/5.0 (Linux; Android 6.0.1; Nexus 5X Build/MMB29P) AppleWebKit/537.36 (KHTML, like Gecko) Chrome/133.0.6943.53 Mobile Safari/537.36 (compatible; Googlebot/2.1; +http://www.google.com/bot.html)"
66.249.66.44 - - [23/Feb/2025:17:25:36 +0200] "GET /safe_search/config?return_url=%2Fproduct%2Fdetail%2F13795561 HTTP/1.1" 404 3913 "-" "Mozilla/5.0 (Linux; Android 6.0.1; Nexus 5X Build/MMB29P) AppleWebKit/537.36 (KHTML, like Gecko) Chrome/133.0.6943.53 Mobile Safari/537.36 (compatible; Googlebot/2.1; +http://www.google.com/bot.html)"
114.119.158.138 - - [23/Feb/2025:17:25:44 +0200] "GET /product/stretch-marks-repairing-lotion-150-ml%D9%84%D9%88%D8%B4%D9%86-%D9%84%D8%B9%D9%84%D8%A7%D9%85%D8%A7%D8%AA-%D8%A7%D9%84%D8%AA%D9%85%D8%AF%D8%AF-150-%D9%85%D9%84/?action=yith-woocompare-add-product&id=5936 HTTP/1.1" 404 3913 "https://medcho.com/product/stretch-marks-repairing-lotion-150-ml%d9%84%d9%88%d8%b4%d9%86-%d9%84%d8%b9%d9%84%d8%a7%d9%85%d8%a7%d8%aa-%d8%a7%d9%84%d8%aa%d9%85%d8%af%d8%af-150-%d9%85%d9%84/" "Mozilla/5.0 (Linux; Android 7.0;) AppleWebKit/537.36 (KHTML, like Gecko) Mobile Safari/537.36 (compatible; PetalBot;+https://webmaster.petalsearch.com/site/petalbot)"
66.249.66.44 - - [23/Feb/2025:17:25:45 +0200] "GET /shopdetail/343787599 HTTP/1.1" 404 3913 "-" "Mozilla/5.0 (Linux; Android 6.0.1; Nexus 5X Build/MMB29P) AppleWebKit/537.36 (KHTML, like Gecko) Chrome/133.0.6943.53 Mobile Safari/537.36 (compatible; Googlebot/2.1; +http://www.google.com/bot.html)"
66.249.66.44 - - [23/Feb/2025:17:25:46 +0200] "GET /shopdetail/13192899 HTTP/1.1" 404 3913 "-" "Mozilla/5.0 (Linux; Android 6.0.1; Nexus 5X Build/MMB29P) AppleWebKit/537.36 (KHTML, like Gecko) Chrome/133.0.6943.53 Mobile Safari/537.36 (compatible; GoogleOther)"
66.249.66.44 - - [23/Feb/2025:17:25:48 +0200] "GET /shopdetail/73974499 HTTP/1.1" 404 3913 "-" "Mozilla/5.0 (Linux; Android 6.0.1; Nexus 5X Build/MMB29P) AppleWebKit/537.36 (KHTML, like Gecko) Chrome/133.0.6943.53 Mobile Safari/537.36 (compatible; Googlebot/2.1; +http://www.google.com/bot.html)"
66.249.66.44 - - [23/Feb/2025:17:25:51 +0200] "GET /shopdetail/59587799 HTTP/1.1" 404 3913 "-" "Mozilla/5.0 (Linux; Android 6.0.1; Nexus 5X Build/MMB29P) AppleWebKit/537.36 (KHTML, like Gecko) Chrome/133.0.6943.53 Mobile Safari/537.36 (compatible; Googlebot/2.1; +http://www.google.com/bot.html)"
66.249.66.44 - - [23/Feb/2025:17:25:56 +0200] "GET /shopdetail/105952899 HTTP/1.1" 404 3913 "-" "Mozilla/5.0 (Linux; Android 6.0.1; Nexus 5X Build/MMB29P) AppleWebKit/537.36 (KHTML, like Gecko) Chrome/133.0.6943.53 Mobile Safari/537.36 (compatible; Googlebot/2.1; +http://www.google.com/bot.html)"
114.119.142.72 - - [23/Feb/2025:17:25:57 +0200] "GET /tag/fashion/?fileloc=/home/medchoco/public_html/wp-mail.php&path=/home/medchoco/public_html HTTP/1.1" 404 3913 "https://medcho.com/tag/fashion/" "Mozilla/5.0 (Linux; Android 7.0;) AppleWebKit/537.36 (KHTML, like Gecko) Mobile Safari/537.36 (compatible; PetalBot;+https://webmaster.petalsearch.com/site/petalbot)"
66.249.66.44 - - [23/Feb/2025:17:25:59 +0200] "GET /shopdetail/614381699 HTTP/1.1" 404 3913 "-" "Mozilla/5.0 (Linux; Android 6.0.1; Nexus 5X Build/MMB29P) AppleWebKit/537.36 (KHTML, like Gecko) Chrome/133.0.6943.53 Mobile Safari/537.36 (compatible; Googlebot/2.1; +http://www.google.com/bot.html)"
66.249.66.32 - - [23/Feb/2025:17:26:02 +0200] "GET /shopdetail/427885299 HTTP/1.1" 404 3913 "-" "Mozilla/5.0 (Linux; Android 6.0.1; Nexus 5X Build/MMB29P) AppleWebKit/537.36 (KHTML, like Gecko) Chrome/133.0.6943.53 Mobile Safari/537.36 (compatible; Googlebot/2.1; +http://www.google.com/bot.html)"
66.249.66.44 - - [23/Feb/2025:17:26:05 +0200] "GET /shopdetail/106316199 HTTP/1.1" 404 3913 "-" "Mozilla/5.0 (Linux; Android 6.0.1; Nexus 5X Build/MMB29P) AppleWebKit/537.36 (KHTML, like Gecko) Chrome/133.0.6943.53 Mobile Safari/537.36 (compatible; Googlebot/2.1; +http://www.google.com/bot.html)"
66.249.66.45 - - [23/Feb/2025:17:26:08 +0200] "GET /shopdetail/112414599 HTTP/1.1" 404 3913 "-" "Mozilla/5.0 (Linux; Android 6.0.1; Nexus 5X Build/MMB29P) AppleWebKit/537.36 (KHTML, like Gecko) Chrome/133.0.6943.53 Mobile Safari/537.36 (compatible; Googlebot/2.1; +http://www.google.com/bot.html)"
66.249.66.44 - - [23/Feb/2025:17:26:11 +0200] "GET /product/%D8%AF%D9%8A%D8%B1%D9%85%D8%A7-%D9%82%D9%86%D8%A7%D8%B9-%D8%A7%D9%84%D9%81%D8%AD%D9%85-%D9%84%D9%84%D9%88%D8%AC%D9%87/?add-to-cart=5994 HTTP/1.1" 404 3913 "-" "Mozilla/5.0 (Linux; Android 6.0.1; Nexus 5X Build/MMB29P) AppleWebKit/537.36 (KHTML, like Gecko) Chrome/133.0.6943.53 Mobile Safari/537.36 (compatible; Googlebot/2.1; +http://www.google.com/bot.html)"
66.249.66.44 - - [23/Feb/2025:17:26:14 +0200] "GET /shopdetail/466723599 HTTP/1.1" 404 3913 "-" "Mozilla/5.0 (Linux; Android 6.0.1; Nexus 5X Build/MMB29P) AppleWebKit/537.36 (KHTML, like Gecko) Chrome/133.0.6943.53 Mobile Safari/537.36 (compatible; Googlebot/2.1; +http://www.google.com/bot.html)"
66.249.66.44 - - [23/Feb/2025:17:26:20 +0200] "GET /shopdetail/213561899 HTTP/1.1" 404 3913 "-" "Mozilla/5.0 (Linux; Android 6.0.1; Nexus 5X Build/MMB29P) AppleWebKit/537.36 (KHTML, like Gecko) Chrome/133.0.6943.53 Mobile Safari/537.36 (compatible; Googlebot/2.1; +http://www.google.com/bot.html)"
47.128.21.81 - - [23/Feb/2025:17:26:20 +0200] "GET /?fileloc=%2Fhome%2Fmedchoco%2Fpublic_html%2Fwp-admin%2Fsite-health-info.php&path=%2Fhome%2Fmedchoco%2Fpublic_html%2Fwp-admin HTTP/1.1" 200 8546 "-" "Mozilla/5.0 (Linux; Android 5.0) AppleWebKit/537.36 (KHTML, like Gecko) Mobile Safari/537.36 (compatible; Bytespider; spider-feedback@bytedance.com)"
66.249.66.44 - - [23/Feb/2025:17:26:23 +0200] "GET /shopdetail/121139699 HTTP/1.1" 404 3913 "-" "Mozilla/5.0 (Linux; Android 6.0.1; Nexus 5X Build/MMB29P) AppleWebKit/537.36 (KHTML, like Gecko) Chrome/133.0.6943.53 Mobile Safari/537.36 (compatible; Googlebot/2.1; +http://www.google.com/bot.html)"
66.249.66.44 - - [23/Feb/2025:17:26:26 +0200] "GET /shopdetail/446329899 HTTP/1.1" 404 3913 "-" "Mozilla/5.0 (Linux; Android 6.0.1; Nexus 5X Build/MMB29P) AppleWebKit/537.36 (KHTML, like Gecko) Chrome/133.0.6943.53 Mobile Safari/537.36 (compatible; Googlebot/2.1; +http://www.google.com/bot.html)"
66.249.66.44 - - [23/Feb/2025:17:26:27 +0200] "GET /shopdetail/108959299 HTTP/1.1" 404 3913 "-" "Mozilla/5.0 (Linux; Android 6.0.1; Nexus 5X Build/MMB29P) AppleWebKit/537.36 (KHTML, like Gecko) Chrome/133.0.6943.53 Mobile Safari/537.36 (compatible; Googlebot/2.1; +http://www.google.com/bot.html)"
66.249.66.44 - - [23/Feb/2025:17:26:27 +0200] "GET /shopdetail/305527499 HTTP/1.1" 404 3913 "-" "Mozilla/5.0 (Linux; Android 6.0.1; Nexus 5X Build/MMB29P) AppleWebKit/537.36 (KHTML, like Gecko) Chrome/133.0.6943.53 Mobile Safari/537.36 (compatible; Googlebot/2.1; +http://www.google.com/bot.html)"
66.249.66.44 - - [23/Feb/2025:17:26:30 +0200] "GET /shopdetail/141079599 HTTP/1.1" 404 3913 "-" "Mozilla/5.0 (Linux; Android 6.0.1; Nexus 5X Build/MMB29P) AppleWebKit/537.36 (KHTML, like Gecko) Chrome/133.0.6943.53 Mobile Safari/537.36 (compatible; Googlebot/2.1; +http://www.google.com/bot.html)"
66.249.66.44 - - [23/Feb/2025:17:26:31 +0200] "GET /shopdetail/330543399 HTTP/1.1" 404 3913 "-" "Mozilla/5.0 (Linux; Android 6.0.1; Nexus 5X Build/MMB29P) AppleWebKit/537.36 (KHTML, like Gecko) Chrome/133.0.6943.53 Mobile Safari/537.36 (compatible; Googlebot/2.1; +http://www.google.com/bot.html)"
185.98.5.174 - - [23/Feb/2025:17:26:31 +0200] "GET /wp-login.php HTTP/1.1" 200 29397 "-" "Mozilla/5.0 (X11; Fedora; Linux x86_64; rv:94.0) Gecko/20100101 Firefox/95.0"
185.98.5.174 - - [23/Feb/2025:17:26:32 +0200] "POST /wp-login.php HTTP/1.1" 200 29397 "-" "Mozilla/5.0 (X11; Fedora; Linux x86_64; rv:94.0) Gecko/20100101 Firefox/95.0"
66.249.66.44 - - [23/Feb/2025:17:26:36 +0200] "GET /shopdetail/505308999 HTTP/1.1" 404 3913 "-" "Mozilla/5.0 (Linux; Android 6.0.1; Nexus 5X Build/MMB29P) AppleWebKit/537.36 (KHTML, like Gecko) Chrome/133.0.6943.53 Mobile Safari/537.36 (compatible; Googlebot/2.1; +http://www.google.com/bot.html)"
66.249.66.44 - - [23/Feb/2025:17:26:40 +0200] "GET /shopdetail/531100199 HTTP/1.1" 404 3913 "-" "Mozilla/5.0 (Linux; Android 6.0.1; Nexus 5X Build/MMB29P) AppleWebKit/537.36 (KHTML, like Gecko) Chrome/133.0.6943.53 Mobile Safari/537.36 (compatible; Googlebot/2.1; +http://www.google.com/bot.html)"
66.249.66.44 - - [23/Feb/2025:17:26:41 +0200] "GET /shopdetail/602455099 HTTP/1.1" 404 3913 "-" "Mozilla/5.0 (Linux; Android 6.0.1; Nexus 5X Build/MMB29P) AppleWebKit/537.36 (KHTML, like Gecko) Chrome/133.0.6943.53 Mobile Safari/537.36 (compatible; Googlebot/2.1; +http://www.google.com/bot.html)"
66.249.66.44 - - [23/Feb/2025:17:26:44 +0200] "GET /shopdetail/381086099 HTTP/1.1" 404 3913 "-" "Mozilla/5.0 (Linux; Android 6.0.1; Nexus 5X Build/MMB29P) AppleWebKit/537.36 (KHTML, like Gecko) Chrome/133.0.6943.53 Mobile Safari/537.36 (compatible; Googlebot/2.1; +http://www.google.com/bot.html)"
66.249.66.44 - - [23/Feb/2025:17:26:47 +0200] "GET /shopdetail/87092799 HTTP/1.1" 404 3913 "-" "Mozilla/5.0 (Linux; Android 6.0.1; Nexus 5X Build/MMB29P) AppleWebKit/537.36 (KHTML, like Gecko) Chrome/133.0.6943.53 Mobile Safari/537.36 (compatible; Googlebot/2.1; +http://www.google.com/bot.html)"
66.249.66.44 - - [23/Feb/2025:17:26:50 +0200] "GET /shopdetail/294999199 HTTP/1.1" 404 3913 "-" "Mozilla/5.0 (Linux; Android 6.0.1; Nexus 5X Build/MMB29P) AppleWebKit/537.36 (KHTML, like Gecko) Chrome/133.0.6943.53 Mobile Safari/537.36 (compatible; Googlebot/2.1; +http://www.google.com/bot.html)"
66.249.66.44 - - [23/Feb/2025:17:26:58 +0200] "GET /shopdetail/272641699 HTTP/1.1" 404 3913 "-" "Mozilla/5.0 (Linux; Android 6.0.1; Nexus 5X Build/MMB29P) AppleWebKit/537.36 (KHTML, like Gecko) Chrome/133.0.6943.53 Mobile Safari/537.36 (compatible; Googlebot/2.1; +http://www.google.com/bot.html)"
