65.21.163.190 - - [23/Feb/2025:18:37:21 +0200] "GET /gaming-online/new-casino-games-no-deposit-bonus.html HTTP/1.1" 200 4168 "-" "Mozilla/5.0 (compatible; AwarioBot/1.0; +https://awario.com/bots.html)"
65.21.163.190 - - [23/Feb/2025:18:37:23 +0200] "GET /gaming-online/new-casino-games-no-deposit.html HTTP/1.1" 200 4144 "-" "Mozilla/5.0 (compatible; AwarioBot/1.0; +https://awario.com/bots.html)"
65.21.163.190 - - [23/Feb/2025:18:37:24 +0200] "GET /gaming-online/new-casino-in-canada-2025.html HTTP/1.1" 200 3623 "-" "Mozilla/5.0 (compatible; AwarioBot/1.0; +https://awario.com/bots.html)"
65.21.163.190 - - [23/Feb/2025:18:37:26 +0200] "GET /gaming-online/new-casino-in-canada.html HTTP/1.1" 200 4596 "-" "Mozilla/5.0 (compatible; AwarioBot/1.0; +https://awario.com/bots.html)"
65.21.163.190 - - [23/Feb/2025:18:37:28 +0200] "GET /gaming-online/new-casino-in-sydney-united-kingdom.html HTTP/1.1" 200 3576 "-" "Mozilla/5.0 (compatible; AwarioBot/1.0; +https://awario.com/bots.html)"
65.21.163.190 - - [23/Feb/2025:18:37:30 +0200] "GET /gaming-online/new-casino-no-deposit-2025-uk.html HTTP/1.1" 200 3845 "-" "Mozilla/5.0 (compatible; AwarioBot/1.0; +https://awario.com/bots.html)"
65.21.163.190 - - [23/Feb/2025:18:37:32 +0200] "GET /gaming-online/new-casino-no-deposit-bonus-2017uk.html HTTP/1.1" 200 5221 "-" "Mozilla/5.0 (compatible; AwarioBot/1.0; +https://awario.com/bots.html)"
65.21.163.190 - - [23/Feb/2025:18:37:34 +0200] "GET /gaming-online/new-casino-no-deposit-bonus-2025-canada.html HTTP/1.1" 200 4568 "-" "Mozilla/5.0 (compatible; AwarioBot/1.0; +https://awario.com/bots.html)"
65.21.163.190 - - [23/Feb/2025:18:37:36 +0200] "GET /gaming-online/new-casino-no-deposit-bonus-code-2025.html HTTP/1.1" 200 3871 "-" "Mozilla/5.0 (compatible; AwarioBot/1.0; +https://awario.com/bots.html)"
65.21.163.190 - - [23/Feb/2025:18:37:38 +0200] "GET /gaming-online/new-casino-online-2025-uk-no-deposit.html HTTP/1.1" 200 3841 "-" "Mozilla/5.0 (compatible; AwarioBot/1.0; +https://awario.com/bots.html)"
65.21.163.190 - - [23/Feb/2025:18:37:39 +0200] "GET /gaming-online/new-casino-online-europe.html HTTP/1.1" 200 4396 "-" "Mozilla/5.0 (compatible; AwarioBot/1.0; +https://awario.com/bots.html)"
65.21.163.190 - - [23/Feb/2025:18:37:41 +0200] "GET /gaming-online/new-casino-online-united-kingdom.html HTTP/1.1" 200 4811 "-" "Mozilla/5.0 (compatible; AwarioBot/1.0; +https://awario.com/bots.html)"
65.21.163.190 - - [23/Feb/2025:18:37:43 +0200] "GET /gaming-online/new-casino-reviews.html HTTP/1.1" 200 4456 "-" "Mozilla/5.0 (compatible; AwarioBot/1.0; +https://awario.com/bots.html)"
65.21.163.190 - - [23/Feb/2025:18:37:44 +0200] "GET /gaming-online/new-casino-sites-no-deposit-free-spins.html HTTP/1.1" 200 4504 "-" "Mozilla/5.0 (compatible; AwarioBot/1.0; +https://awario.com/bots.html)"
65.21.163.190 - - [23/Feb/2025:18:37:46 +0200] "GET /gaming-online/new-casino-sites-uk-no-deposit.html HTTP/1.1" 200 4128 "-" "Mozilla/5.0 (compatible; AwarioBot/1.0; +https://awario.com/bots.html)"
65.21.163.190 - - [23/Feb/2025:18:37:47 +0200] "GET /gaming-online/new-casino-sites-uk-on-registration-no-no-deposit.html HTTP/1.1" 200 3932 "-" "Mozilla/5.0 (compatible; AwarioBot/1.0; +https://awario.com/bots.html)"
65.21.163.190 - - [23/Feb/2025:18:37:49 +0200] "GET /gaming-online/new-casino-slot-games-online.html HTTP/1.1" 200 3735 "-" "Mozilla/5.0 (compatible; AwarioBot/1.0; +https://awario.com/bots.html)"
65.21.163.190 - - [23/Feb/2025:18:37:51 +0200] "GET /gaming-online/new-casino-slots-games.html HTTP/1.1" 200 4881 "-" "Mozilla/5.0 (compatible; AwarioBot/1.0; +https://awario.com/bots.html)"
65.21.163.190 - - [23/Feb/2025:18:37:53 +0200] "GET /gaming-online/new-casino-uk-200-bonus.html HTTP/1.1" 200 3944 "-" "Mozilla/5.0 (compatible; AwarioBot/1.0; +https://awario.com/bots.html)"
65.21.163.190 - - [23/Feb/2025:18:37:54 +0200] "GET /gaming-online/new-casino-uk-2025-uk.html HTTP/1.1" 200 4910 "-" "Mozilla/5.0 (compatible; AwarioBot/1.0; +https://awario.com/bots.html)"
65.21.163.190 - - [23/Feb/2025:18:37:56 +0200] "GET /gaming-online/new-casino-uk-deposit.html HTTP/1.1" 200 4511 "-" "Mozilla/5.0 (compatible; AwarioBot/1.0; +https://awario.com/bots.html)"
65.21.163.190 - - [23/Feb/2025:18:37:57 +0200] "GET /gaming-online/new-casinos-2025-no-deposit-bonus-uk.html HTTP/1.1" 200 4463 "-" "Mozilla/5.0 (compatible; AwarioBot/1.0; +https://awario.com/bots.html)"
65.21.163.190 - - [23/Feb/2025:18:38:02 +0200] "GET /robots.txt HTTP/1.1" 200 350 "-" "Mozilla/5.0 (compatible; AwarioBot/1.0; +https://awario.com/bots.html)"
65.21.163.190 - - [23/Feb/2025:18:38:02 +0200] "GET /gaming-online/new-casinos-and-bingo-sites.html HTTP/1.1" 200 4213 "-" "Mozilla/5.0 (compatible; AwarioBot/1.0; +https://awario.com/bots.html)"
65.21.163.190 - - [23/Feb/2025:18:38:03 +0200] "GET /gaming-online/new-casinos-no-deposit-bonus-codes.html HTTP/1.1" 200 4307 "-" "Mozilla/5.0 (compatible; AwarioBot/1.0; +https://awario.com/bots.html)"
65.21.163.190 - - [23/Feb/2025:18:38:05 +0200] "GET /gaming-online/new-casinos-no-deposit-bonus-free-spins.html HTTP/1.1" 200 4918 "-" "Mozilla/5.0 (compatible; AwarioBot/1.0; +https://awario.com/bots.html)"
65.21.163.190 - - [23/Feb/2025:18:38:11 +0200] "GET /gaming-online/new-casinos-online-2025-new-zealand.html HTTP/1.1" 200 3876 "-" "Mozilla/5.0 (compatible; AwarioBot/1.0; +https://awario.com/bots.html)"
65.21.163.190 - - [23/Feb/2025:18:38:12 +0200] "GET /gaming-online/new-casinos-with-no-deposit-bonus-canada.html HTTP/1.1" 200 4874 "-" "Mozilla/5.0 (compatible; AwarioBot/1.0; +https://awario.com/bots.html)"
65.21.163.190 - - [23/Feb/2025:18:38:15 +0200] "GET /gaming-online/new-casinos-with-no-deposit-bonus-uk.html HTTP/1.1" 200 4255 "-" "Mozilla/5.0 (compatible; AwarioBot/1.0; +https://awario.com/bots.html)"
65.21.163.190 - - [23/Feb/2025:18:38:17 +0200] "GET /gaming-online/new-customer-free-bets-no-deposit.html HTTP/1.1" 200 4191 "-" "Mozilla/5.0 (compatible; AwarioBot/1.0; +https://awario.com/bots.html)"
66.249.66.17 - - [23/Feb/2025:18:38:16 +0200] "GET /index.php/text/terms/pcsp.html/safe_search/config/text/terms/vintagegame.html HTTP/1.1" 200 135762 "-" "Mozilla/5.0 (Linux; Android 6.0.1; Nexus 5X Build/MMB29P) AppleWebKit/537.36 (KHTML, like Gecko) Chrome/133.0.6943.53 Mobile Safari/537.36 (compatible; GoogleOther)"
65.21.163.190 - - [23/Feb/2025:18:38:18 +0200] "GET /gaming-online/new-customer-free-spins-no-wagering-requirements.html HTTP/1.1" 200 5618 "-" "Mozilla/5.0 (compatible; AwarioBot/1.0; +https://awario.com/bots.html)"
65.21.163.190 - - [23/Feb/2025:18:38:20 +0200] "GET /gaming-online/new-deposits-casino-uk.html HTTP/1.1" 200 4990 "-" "Mozilla/5.0 (compatible; AwarioBot/1.0; +https://awario.com/bots.html)"
65.21.163.190 - - [23/Feb/2025:18:38:21 +0200] "GET /gaming-online/new-free-no-deposit-casinos-uk.html HTTP/1.1" 200 4804 "-" "Mozilla/5.0 (compatible; AwarioBot/1.0; +https://awario.com/bots.html)"
65.21.163.190 - - [23/Feb/2025:18:38:22 +0200] "GET /gaming-online/new-free-slots-online.html HTTP/1.1" 200 4405 "-" "Mozilla/5.0 (compatible; AwarioBot/1.0; +https://awario.com/bots.html)"
65.21.163.190 - - [23/Feb/2025:18:38:24 +0200] "GET /gaming-online/new-free-spins-no-deposit-united-kingdom.html HTTP/1.1" 200 3839 "-" "Mozilla/5.0 (compatible; AwarioBot/1.0; +https://awario.com/bots.html)"
65.21.163.190 - - [23/Feb/2025:18:38:25 +0200] "GET /gaming-online/new-free-spins-uk.html HTTP/1.1" 200 4408 "-" "Mozilla/5.0 (compatible; AwarioBot/1.0; +https://awario.com/bots.html)"
65.21.163.190 - - [23/Feb/2025:18:38:26 +0200] "GET /gaming-online/new-hampshire-legalized-gambling.html HTTP/1.1" 200 3717 "-" "Mozilla/5.0 (compatible; AwarioBot/1.0; +https://awario.com/bots.html)"
65.21.163.190 - - [23/Feb/2025:18:38:28 +0200] "GET /gaming-online/new-independent-casinos.html HTTP/1.1" 200 4336 "-" "Mozilla/5.0 (compatible; AwarioBot/1.0; +https://awario.com/bots.html)"
65.21.163.190 - - [23/Feb/2025:18:38:33 +0200] "GET /gaming-online/new-mobile-casino-free-bonus.html HTTP/1.1" 200 4337 "-" "Mozilla/5.0 (compatible; AwarioBot/1.0; +https://awario.com/bots.html)"
65.21.163.190 - - [23/Feb/2025:18:38:34 +0200] "GET /gaming-online/new-mobile-casino-uk.html HTTP/1.1" 200 4574 "-" "Mozilla/5.0 (compatible; AwarioBot/1.0; +https://awario.com/bots.html)"
65.21.163.190 - - [23/Feb/2025:18:38:35 +0200] "GET /gaming-online/new-mobile-deposit-casinos.html HTTP/1.1" 200 5268 "-" "Mozilla/5.0 (compatible; AwarioBot/1.0; +https://awario.com/bots.html)"
65.21.163.190 - - [23/Feb/2025:18:38:37 +0200] "GET /gaming-online/new-no-deposit-bingo-and-slots.html HTTP/1.1" 200 4309 "-" "Mozilla/5.0 (compatible; AwarioBot/1.0; +https://awario.com/bots.html)"
65.21.163.190 - - [23/Feb/2025:18:38:38 +0200] "GET /gaming-online/new-no-deposit-bonus-casino-united-kingdom-2025.html HTTP/1.1" 200 4490 "-" "Mozilla/5.0 (compatible; AwarioBot/1.0; +https://awario.com/bots.html)"
65.21.163.190 - - [23/Feb/2025:18:38:40 +0200] "GET /gaming-online/new-no-deposit-bonus-casinos-2025.html HTTP/1.1" 200 4811 "-" "Mozilla/5.0 (compatible; AwarioBot/1.0; +https://awario.com/bots.html)"
65.21.163.190 - - [23/Feb/2025:18:38:41 +0200] "GET /gaming-online/new-no-deposit-bonus-code-casino.html HTTP/1.1" 200 4111 "-" "Mozilla/5.0 (compatible; AwarioBot/1.0; +https://awario.com/bots.html)"
65.21.163.190 - - [23/Feb/2025:18:38:43 +0200] "GET /gaming-online/new-no-deposit-casino-2025-united-kingdom.html HTTP/1.1" 200 3918 "-" "Mozilla/5.0 (compatible; AwarioBot/1.0; +https://awario.com/bots.html)"
65.21.163.190 - - [23/Feb/2025:18:38:44 +0200] "GET /gaming-online/new-no-deposit-casino-bonuses-codes.html HTTP/1.1" 200 4658 "-" "Mozilla/5.0 (compatible; AwarioBot/1.0; +https://awario.com/bots.html)"
65.21.163.190 - - [23/Feb/2025:18:38:46 +0200] "GET /gaming-online/new-no-deposit-casino-bonuses.html HTTP/1.1" 200 4842 "-" "Mozilla/5.0 (compatible; AwarioBot/1.0; +https://awario.com/bots.html)"
65.21.163.190 - - [23/Feb/2025:18:38:47 +0200] "GET /gaming-online/new-no-deposit-casino-for-uk-players.html HTTP/1.1" 200 4340 "-" "Mozilla/5.0 (compatible; AwarioBot/1.0; +https://awario.com/bots.html)"
65.21.163.190 - - [23/Feb/2025:18:38:49 +0200] "GET /gaming-online/new-no-deposit-casinos-united-kingdom-2025.html HTTP/1.1" 200 4975 "-" "Mozilla/5.0 (compatible; AwarioBot/1.0; +https://awario.com/bots.html)"
65.21.163.190 - - [23/Feb/2025:18:38:50 +0200] "GET /gaming-online/new-no-deposit-free-spins.html HTTP/1.1" 200 4104 "-" "Mozilla/5.0 (compatible; AwarioBot/1.0; +https://awario.com/bots.html)"
65.21.163.190 - - [23/Feb/2025:18:38:52 +0200] "GET /gaming-online/new-no-deposit-online-casino.html HTTP/1.1" 200 4175 "-" "Mozilla/5.0 (compatible; AwarioBot/1.0; +https://awario.com/bots.html)"
65.21.163.190 - - [23/Feb/2025:18:38:53 +0200] "GET /gaming-online/new-no-deposit-slot-sites-2025.html HTTP/1.1" 200 4052 "-" "Mozilla/5.0 (compatible; AwarioBot/1.0; +https://awario.com/bots.html)"
65.21.163.190 - - [23/Feb/2025:18:38:54 +0200] "GET /gaming-online/new-no-deposit-slots-bonus.html HTTP/1.1" 200 4272 "-" "Mozilla/5.0 (compatible; AwarioBot/1.0; +https://awario.com/bots.html)"
65.21.163.190 - - [23/Feb/2025:18:38:56 +0200] "GET /gaming-online/new-non-gamstop-casinos.html HTTP/1.1" 200 4093 "-" "Mozilla/5.0 (compatible; AwarioBot/1.0; +https://awario.com/bots.html)"
65.21.163.190 - - [23/Feb/2025:18:38:57 +0200] "GET /gaming-online/new-online-bingo-canada.html HTTP/1.1" 200 3678 "-" "Mozilla/5.0 (compatible; AwarioBot/1.0; +https://awario.com/bots.html)"
65.21.163.190 - - [23/Feb/2025:18:38:59 +0200] "GET /gaming-online/new-online-bingo-casinos.html HTTP/1.1" 200 3872 "-" "Mozilla/5.0 (compatible; AwarioBot/1.0; +https://awario.com/bots.html)"
65.21.163.190 - - [23/Feb/2025:18:39:00 +0200] "GET /gaming-online/new-online-casino-2025-with-no-deposit-bonus.html HTTP/1.1" 200 3862 "-" "Mozilla/5.0 (compatible; AwarioBot/1.0; +https://awario.com/bots.html)"
65.21.163.190 - - [23/Feb/2025:18:39:01 +0200] "GET /gaming-online/new-online-casinos-2025-uk-400-bonus.html HTTP/1.1" 200 5357 "-" "Mozilla/5.0 (compatible; AwarioBot/1.0; +https://awario.com/bots.html)"
65.21.163.190 - - [23/Feb/2025:18:39:04 +0200] "GET /gaming-online/new-online-casinos-2025-uk.html HTTP/1.1" 200 4323 "-" "Mozilla/5.0 (compatible; AwarioBot/1.0; +https://awario.com/bots.html)"
65.21.163.190 - - [23/Feb/2025:18:39:05 +0200] "GET /gaming-online/new-online-casinos-free-spins-uk.html HTTP/1.1" 200 4187 "-" "Mozilla/5.0 (compatible; AwarioBot/1.0; +https://awario.com/bots.html)"
65.21.163.190 - - [23/Feb/2025:18:39:06 +0200] "GET /gaming-online/new-online-casinos-uk-no-deposit.html HTTP/1.1" 200 3401 "-" "Mozilla/5.0 (compatible; AwarioBot/1.0; +https://awario.com/bots.html)"
65.21.163.190 - - [23/Feb/2025:18:39:08 +0200] "GET /gaming-online/new-online-casinos-united-kingdom-2025-no-deposit-sign-up-bonus.html HTTP/1.1" 200 4349 "-" "Mozilla/5.0 (compatible; AwarioBot/1.0; +https://awario.com/bots.html)"
65.21.163.190 - - [23/Feb/2025:18:39:10 +0200] "GET /gaming-online/new-online-casinos-with-no-deposit-bonus.html HTTP/1.1" 200 4393 "-" "Mozilla/5.0 (compatible; AwarioBot/1.0; +https://awario.com/bots.html)"
66.249.66.18 - - [23/Feb/2025:18:39:09 +0200] "GET /index.php/text/terms/pcsp.html/safe_search/config/product/edit/74843976/vintagegame.html HTTP/1.1" 200 131147 "-" "Mozilla/5.0 (Linux; Android 6.0.1; Nexus 5X Build/MMB29P) AppleWebKit/537.36 (KHTML, like Gecko) Chrome/133.0.6943.53 Mobile Safari/537.36 (compatible; GoogleOther)"
65.21.163.190 - - [23/Feb/2025:18:39:12 +0200] "GET /gaming-online/new-online-casinos-with-no-deposit-welcome-bonus.html HTTP/1.1" 200 4810 "-" "Mozilla/5.0 (compatible; AwarioBot/1.0; +https://awario.com/bots.html)"
65.21.163.190 - - [23/Feb/2025:18:39:14 +0200] "GET /gaming-online/new-online-casinos.html HTTP/1.1" 200 4527 "-" "Mozilla/5.0 (compatible; AwarioBot/1.0; +https://awario.com/bots.html)"
65.21.163.190 - - [23/Feb/2025:18:39:15 +0200] "GET /gaming-online/new-online-slot-casinos.html HTTP/1.1" 200 4287 "-" "Mozilla/5.0 (compatible; AwarioBot/1.0; +https://awario.com/bots.html)"
65.21.163.190 - - [23/Feb/2025:18:39:17 +0200] "GET /gaming-online/new-online-slots-2025-uk-no-deposit-bonus.html HTTP/1.1" 200 4073 "-" "Mozilla/5.0 (compatible; AwarioBot/1.0; +https://awario.com/bots.html)"
65.21.163.190 - - [23/Feb/2025:18:39:18 +0200] "GET /gaming-online/new-online-slots-casino-no-deposit-bonus-100-free-spins.html HTTP/1.1" 200 4896 "-" "Mozilla/5.0 (compatible; AwarioBot/1.0; +https://awario.com/bots.html)"
65.21.163.190 - - [23/Feb/2025:18:39:20 +0200] "GET /gaming-online/new-online-slots-uk.html HTTP/1.1" 200 4046 "-" "Mozilla/5.0 (compatible; AwarioBot/1.0; +https://awario.com/bots.html)"
65.21.163.190 - - [23/Feb/2025:18:39:22 +0200] "GET /gaming-online/new-online-slots-with-no-deposit-bonus.html HTTP/1.1" 200 5022 "-" "Mozilla/5.0 (compatible; AwarioBot/1.0; +https://awario.com/bots.html)"
65.21.163.190 - - [23/Feb/2025:18:39:24 +0200] "GET /gaming-online/new-online-uk-bingo.html HTTP/1.1" 200 4489 "-" "Mozilla/5.0 (compatible; AwarioBot/1.0; +https://awario.com/bots.html)"
65.21.163.190 - - [23/Feb/2025:18:39:25 +0200] "GET /gaming-online/new-paypal-casinos-uk.html HTTP/1.1" 200 4410 "-" "Mozilla/5.0 (compatible; AwarioBot/1.0; +https://awario.com/bots.html)"
65.21.163.190 - - [23/Feb/2025:18:39:27 +0200] "GET /gaming-online/new-peterborough-casino.html HTTP/1.1" 200 4402 "-" "Mozilla/5.0 (compatible; AwarioBot/1.0; +https://awario.com/bots.html)"
65.21.163.190 - - [23/Feb/2025:18:39:28 +0200] "GET /gaming-online/new-slot-games-free-canada.html HTTP/1.1" 200 4873 "-" "Mozilla/5.0 (compatible; AwarioBot/1.0; +https://awario.com/bots.html)"
65.21.163.190 - - [23/Feb/2025:18:39:30 +0200] "GET /gaming-online/new-slot-games-no-deposit-ireland.html HTTP/1.1" 200 4377 "-" "Mozilla/5.0 (compatible; AwarioBot/1.0; +https://awario.com/bots.html)"
65.21.163.190 - - [23/Feb/2025:18:39:32 +0200] "GET /gaming-online/new-slot-machines-free-online.html HTTP/1.1" 200 3929 "-" "Mozilla/5.0 (compatible; AwarioBot/1.0; +https://awario.com/bots.html)"
65.21.163.190 - - [23/Feb/2025:18:39:33 +0200] "GET /gaming-online/new-slot-no-deposit-bonus-australia.html HTTP/1.1" 200 4314 "-" "Mozilla/5.0 (compatible; AwarioBot/1.0; +https://awario.com/bots.html)"
65.21.163.190 - - [23/Feb/2025:18:39:35 +0200] "GET /gaming-online/new-slot-online-casino.html HTTP/1.1" 200 4740 "-" "Mozilla/5.0 (compatible; AwarioBot/1.0; +https://awario.com/bots.html)"
65.21.163.190 - - [23/Feb/2025:18:39:36 +0200] "GET /gaming-online/new-slot-site.html HTTP/1.1" 200 4440 "-" "Mozilla/5.0 (compatible; AwarioBot/1.0; +https://awario.com/bots.html)"
65.21.163.190 - - [23/Feb/2025:18:39:38 +0200] "GET /gaming-online/new-slot-sites-2025-no-deposit.html HTTP/1.1" 200 3837 "-" "Mozilla/5.0 (compatible; AwarioBot/1.0; +https://awario.com/bots.html)"
66.249.66.17 - - [23/Feb/2025:18:39:47 +0200] "GET /index.php/text/terms/feature/sale2411-5/index.html/events/pcmypage/avsoft.html HTTP/1.1" 200 140596 "-" "Mozilla/5.0 (Linux; Android 6.0.1; Nexus 5X Build/MMB29P) AppleWebKit/537.36 (KHTML, like Gecko) Chrome/133.0.6943.53 Mobile Safari/537.36 (compatible; GoogleOther)"
65.21.163.190 - - [23/Feb/2025:18:40:10 +0200] "GET /robots.txt HTTP/1.1" 200 350 "-" "Mozilla/5.0 (compatible; AwarioBot/1.0; +https://awario.com/bots.html)"
65.21.163.190 - - [23/Feb/2025:18:40:10 +0200] "GET /gaming-online/new-slot-sites-uk-no-deposit.html HTTP/1.1" 200 4312 "-" "Mozilla/5.0 (compatible; AwarioBot/1.0; +https://awario.com/bots.html)"
65.21.163.190 - - [23/Feb/2025:18:40:12 +0200] "GET /gaming-online/new-slot-sites.html HTTP/1.1" 200 3963 "-" "Mozilla/5.0 (compatible; AwarioBot/1.0; +https://awario.com/bots.html)"
65.21.163.190 - - [23/Feb/2025:18:40:14 +0200] "GET /gaming-online/new-slots-2025-new-zealand.html HTTP/1.1" 200 4425 "-" "Mozilla/5.0 (compatible; AwarioBot/1.0; +https://awario.com/bots.html)"
65.21.163.190 - - [23/Feb/2025:18:40:15 +0200] "GET /gaming-online/new-slots-2025-no-deposit-uk.html HTTP/1.1" 200 3912 "-" "Mozilla/5.0 (compatible; AwarioBot/1.0; +https://awario.com/bots.html)"
65.21.163.190 - - [23/Feb/2025:18:40:17 +0200] "GET /gaming-online/new-slots-bonus-no-deposit-uk.html HTTP/1.1" 200 4381 "-" "Mozilla/5.0 (compatible; AwarioBot/1.0; +https://awario.com/bots.html)"
65.21.163.190 - - [23/Feb/2025:18:40:18 +0200] "GET /gaming-online/new-slots-for-free-ireland.html HTTP/1.1" 200 4042 "-" "Mozilla/5.0 (compatible; AwarioBot/1.0; +https://awario.com/bots.html)"
65.21.163.190 - - [23/Feb/2025:18:40:19 +0200] "GET /gaming-online/new-slots-sites.html HTTP/1.1" 200 4366 "-" "Mozilla/5.0 (compatible; AwarioBot/1.0; +https://awario.com/bots.html)"
65.21.163.190 - - [23/Feb/2025:18:40:33 +0200] "GET /gaming-online/new-spins-casino-sister-sites.html HTTP/1.1" 200 4473 "-" "Mozilla/5.0 (compatible; AwarioBot/1.0; +https://awario.com/bots.html)"
65.21.163.190 - - [23/Feb/2025:18:40:43 +0200] "GET /gaming-online/new-uk-casinos-no-deposit-bonus-codes.html HTTP/1.1" 200 4871 "-" "Mozilla/5.0 (compatible; AwarioBot/1.0; +https://awario.com/bots.html)"
66.249.66.19 - - [23/Feb/2025:18:40:48 +0200] "GET /index.php/text/terms/feature/sale2411-5/index.html/events/pcmypage/pcmypage HTTP/1.1" 200 139815 "-" "Mozilla/5.0 (Linux; Android 6.0.1; Nexus 5X Build/MMB29P) AppleWebKit/537.36 (KHTML, like Gecko) Chrome/133.0.6943.53 Mobile Safari/537.36 (compatible; GoogleOther)"
65.21.163.190 - - [23/Feb/2025:18:40:52 +0200] "GET /gaming-online/new-uk-casinos-no-deposit-bonus.html HTTP/1.1" 200 4853 "-" "Mozilla/5.0 (compatible; AwarioBot/1.0; +https://awario.com/bots.html)"
65.21.163.190 - - [23/Feb/2025:18:41:06 +0200] "GET /gaming-online/new-uk-no-deposit-bonus-codes-2025.html HTTP/1.1" 200 4104 "-" "Mozilla/5.0 (compatible; AwarioBot/1.0; +https://awario.com/bots.html)"
65.21.163.190 - - [23/Feb/2025:18:41:17 +0200] "GET /gaming-online/new-uk-no-deposit-slots.html HTTP/1.1" 200 4619 "-" "Mozilla/5.0 (compatible; AwarioBot/1.0; +https://awario.com/bots.html)"
65.21.163.190 - - [23/Feb/2025:18:41:29 +0200] "GET /gaming-online/new-united-kingdom-casino-no-deposit-bonus.html HTTP/1.1" 200 4381 "-" "Mozilla/5.0 (compatible; AwarioBot/1.0; +https://awario.com/bots.html)"
66.249.66.19 - - [23/Feb/2025:18:41:30 +0200] "GET /index.php/text/terms/pcsp.html/toiawase/boyslove.html HTTP/1.1" 200 199491 "-" "Mozilla/5.0 (Linux; Android 6.0.1; Nexus 5X Build/MMB29P) AppleWebKit/537.36 (KHTML, like Gecko) Chrome/133.0.6943.53 Mobile Safari/537.36 (compatible; GoogleOther)"
65.21.163.190 - - [23/Feb/2025:18:41:39 +0200] "GET /gaming-online/new-united-kingdom-casino-sites.html HTTP/1.1" 200 4041 "-" "Mozilla/5.0 (compatible; AwarioBot/1.0; +https://awario.com/bots.html)"
65.21.163.190 - - [23/Feb/2025:18:41:47 +0200] "GET /gaming-online/new-united-kingdom-online-casinos.html HTTP/1.1" 200 4578 "-" "Mozilla/5.0 (compatible; AwarioBot/1.0; +https://awario.com/bots.html)"
65.21.163.190 - - [23/Feb/2025:18:41:56 +0200] "GET /gaming-online/new-zealand-biggest-casinos.html HTTP/1.1" 200 4288 "-" "Mozilla/5.0 (compatible; AwarioBot/1.0; +https://awario.com/bots.html)"
65.21.163.190 - - [23/Feb/2025:18:42:07 +0200] "GET /gaming-online/new-zealand-casino-no-deposit-welcome-bonus.html HTTP/1.1" 200 4657 "-" "Mozilla/5.0 (compatible; AwarioBot/1.0; +https://awario.com/bots.html)"
65.21.163.190 - - [23/Feb/2025:18:42:15 +0200] "GET /robots.txt HTTP/1.1" 200 350 "-" "Mozilla/5.0 (compatible; AwarioBot/1.0; +https://awario.com/bots.html)"
65.21.163.190 - - [23/Feb/2025:18:42:15 +0200] "GET /gaming-online/new-zealand-casino-reopening.html HTTP/1.1" 200 4251 "-" "Mozilla/5.0 (compatible; AwarioBot/1.0; +https://awario.com/bots.html)"
65.21.163.190 - - [23/Feb/2025:18:42:26 +0200] "GET /gaming-online/new-zealand-casino-sites.html HTTP/1.1" 200 5532 "-" "Mozilla/5.0 (compatible; AwarioBot/1.0; +https://awario.com/bots.html)"
66.249.66.18 - - [23/Feb/2025:18:42:28 +0200] "GET /index.php/text/terms/pcsp.html/safe_search/config/toiawase/books.html HTTP/1.1" 200 150681 "-" "Mozilla/5.0 (Linux; Android 6.0.1; Nexus 5X Build/MMB29P) AppleWebKit/537.36 (KHTML, like Gecko) Chrome/133.0.6943.53 Mobile Safari/537.36 (compatible; GoogleOther)"
65.21.163.190 - - [23/Feb/2025:18:42:33 +0200] "GET /gaming-online/new-zealand-casinos-online.html HTTP/1.1" 200 4059 "-" "Mozilla/5.0 (compatible; AwarioBot/1.0; +https://awario.com/bots.html)"
65.21.163.190 - - [23/Feb/2025:18:42:41 +0200] "GET /gaming-online/new88-casino-login-app-sign-up.html HTTP/1.1" 200 4478 "-" "Mozilla/5.0 (compatible; AwarioBot/1.0; +https://awario.com/bots.html)"
65.21.163.190 - - [23/Feb/2025:18:42:52 +0200] "GET /gaming-online/newest-casinos-canada.html HTTP/1.1" 200 4478 "-" "Mozilla/5.0 (compatible; AwarioBot/1.0; +https://awario.com/bots.html)"
65.21.163.190 - - [23/Feb/2025:18:43:04 +0200] "GET /gaming-online/newest-free-online-slot-games.html HTTP/1.1" 200 4031 "-" "Mozilla/5.0 (compatible; AwarioBot/1.0; +https://awario.com/bots.html)"
65.21.163.190 - - [23/Feb/2025:18:43:16 +0200] "GET /gaming-online/newest-free-slots.html HTTP/1.1" 200 3663 "-" "Mozilla/5.0 (compatible; AwarioBot/1.0; +https://awario.com/bots.html)"
66.249.66.18 - - [23/Feb/2025:18:43:21 +0200] "GET /index.php/pcmypage/avsoft.html/shopdetail/508868199/feature/sale2411-5/index.html HTTP/1.1" 200 140967 "-" "Mozilla/5.0 (Linux; Android 6.0.1; Nexus 5X Build/MMB29P) AppleWebKit/537.36 (KHTML, like Gecko) Chrome/133.0.6943.53 Mobile Safari/537.36 (compatible; GoogleOther)"
65.21.163.190 - - [23/Feb/2025:18:43:23 +0200] "GET /gaming-online/newest-no-deposit-bonus.html HTTP/1.1" 200 4630 "-" "Mozilla/5.0 (compatible; AwarioBot/1.0; +https://awario.com/bots.html)"
65.21.163.190 - - [23/Feb/2025:18:43:38 +0200] "GET /gaming-online/newest-online-casino-list.html HTTP/1.1" 200 4512 "-" "Mozilla/5.0 (compatible; AwarioBot/1.0; +https://awario.com/bots.html)"
65.21.163.190 - - [23/Feb/2025:18:43:46 +0200] "GET /gaming-online/newest-online-casinos-2025-canada.html HTTP/1.1" 200 5254 "-" "Mozilla/5.0 (compatible; AwarioBot/1.0; +https://awario.com/bots.html)"
216.244.66.231 - - [23/Feb/2025:18:43:48 +0200] "GET /robots.txt HTTP/1.1" 200 350 "-" "Mozilla/5.0 (compatible; DotBot/1.2; +https://opensiteexplorer.org/dotbot; help@moz.com)"
65.21.163.190 - - [23/Feb/2025:18:43:57 +0200] "GET /gaming-online/newest-online-slot-games.html HTTP/1.1" 200 4754 "-" "Mozilla/5.0 (compatible; AwarioBot/1.0; +https://awario.com/bots.html)"
65.21.163.190 - - [23/Feb/2025:18:44:09 +0200] "GET /gaming-online/newest-slot-games-uk.html HTTP/1.1" 200 4296 "-" "Mozilla/5.0 (compatible; AwarioBot/1.0; +https://awario.com/bots.html)"
66.249.66.19 - - [23/Feb/2025:18:44:15 +0200] "GET /index.php/text/terms/events/feature/sale2411-5/index.html/pcmypage/pcmypage HTTP/1.1" 200 139823 "-" "Mozilla/5.0 (Linux; Android 6.0.1; Nexus 5X Build/MMB29P) AppleWebKit/537.36 (KHTML, like Gecko) Chrome/133.0.6943.53 Mobile Safari/537.36 (compatible; GoogleOther)"
65.21.163.190 - - [23/Feb/2025:18:44:21 +0200] "GET /robots.txt HTTP/1.1" 200 350 "-" "Mozilla/5.0 (compatible; AwarioBot/1.0; +https://awario.com/bots.html)"
65.21.163.190 - - [23/Feb/2025:18:44:21 +0200] "GET /gaming-online/newest-slots-online.html HTTP/1.1" 200 3934 "-" "Mozilla/5.0 (compatible; AwarioBot/1.0; +https://awario.com/bots.html)"
65.21.163.190 - - [23/Feb/2025:18:44:33 +0200] "GET /gaming-online/newport-highly-casino.html HTTP/1.1" 200 5030 "-" "Mozilla/5.0 (compatible; AwarioBot/1.0; +https://awario.com/bots.html)"
65.21.163.190 - - [23/Feb/2025:18:44:44 +0200] "GET /gaming-online/newvegas-casino-no-deposit-bonus-100-free-spins.html HTTP/1.1" 200 4991 "-" "Mozilla/5.0 (compatible; AwarioBot/1.0; +https://awario.com/bots.html)"
65.21.163.190 - - [23/Feb/2025:18:44:56 +0200] "GET /gaming-online/nextgen-play-promo-code.html HTTP/1.1" 200 4691 "-" "Mozilla/5.0 (compatible; AwarioBot/1.0; +https://awario.com/bots.html)"
66.249.66.17 - - [23/Feb/2025:18:44:59 +0200] "GET /index.php/text/terms/pcsp.html/safe_search/config/toiawase/product/edit/23900821 HTTP/1.1" 200 151346 "-" "Mozilla/5.0 (Linux; Android 6.0.1; Nexus 5X Build/MMB29P) AppleWebKit/537.36 (KHTML, like Gecko) Chrome/133.0.6943.53 Mobile Safari/537.36 (compatible; GoogleOther)"
65.21.163.190 - - [23/Feb/2025:18:45:08 +0200] "GET /gaming-online/nextgenbet-casino-no-deposit-bonus-100-free-spins.html HTTP/1.1" 200 5070 "-" "Mozilla/5.0 (compatible; AwarioBot/1.0; +https://awario.com/bots.html)"
65.21.163.190 - - [23/Feb/2025:18:45:20 +0200] "GET /gaming-online/neyine-casino-login-app-sign-up.html HTTP/1.1" 200 3750 "-" "Mozilla/5.0 (compatible; AwarioBot/1.0; +https://awario.com/bots.html)"
65.21.163.190 - - [23/Feb/2025:18:45:31 +0200] "GET /gaming-online/neyine-casino-no-deposit-bonus-100-free-spins.html HTTP/1.1" 200 3929 "-" "Mozilla/5.0 (compatible; AwarioBot/1.0; +https://awario.com/bots.html)"
65.21.163.190 - - [23/Feb/2025:18:45:39 +0200] "GET /gaming-online/niagara-falls-casino-united-kingdom.html HTTP/1.1" 200 4368 "-" "Mozilla/5.0 (compatible; AwarioBot/1.0; +https://awario.com/bots.html)"
65.21.163.190 - - [23/Feb/2025:18:45:47 +0200] "GET /gaming-online/niagara-falls-uk-casino.html HTTP/1.1" 200 4801 "-" "Mozilla/5.0 (compatible; AwarioBot/1.0; +https://awario.com/bots.html)"
65.21.163.190 - - [23/Feb/2025:18:45:54 +0200] "GET /gaming-online/nieuwpoort-casino-100-free-spins-bonus-2025.html HTTP/1.1" 200 4456 "-" "Mozilla/5.0 (compatible; AwarioBot/1.0; +https://awario.com/bots.html)"
65.21.163.190 - - [23/Feb/2025:18:46:05 +0200] "GET /gaming-online/nieuwpoort-casino-no-deposit-bonus-codes-for-free-spins-2025.html HTTP/1.1" 200 4172 "-" "Mozilla/5.0 (compatible; AwarioBot/1.0; +https://awario.com/bots.html)"
66.249.66.19 - - [23/Feb/2025:18:46:08 +0200] "GET /index.php/text/terms/pcmypage/pcsp.html/pcsp.html HTTP/1.1" 200 131977 "-" "Mozilla/5.0 (Linux; Android 6.0.1; Nexus 5X Build/MMB29P) AppleWebKit/537.36 (KHTML, like Gecko) Chrome/133.0.6943.53 Mobile Safari/537.36 (compatible; GoogleOther)"
65.21.163.190 - - [23/Feb/2025:18:46:17 +0200] "GET /gaming-online/nikkibet-casino-no-deposit-bonus-100-free-spins.html HTTP/1.1" 200 3725 "-" "Mozilla/5.0 (compatible; AwarioBot/1.0; +https://awario.com/bots.html)"
65.21.163.190 - - [23/Feb/2025:18:46:30 +0200] "GET /robots.txt HTTP/1.1" 200 350 "-" "Mozilla/5.0 (compatible; AwarioBot/1.0; +https://awario.com/bots.html)"
65.21.163.190 - - [23/Feb/2025:18:46:30 +0200] "GET /gaming-online/nitrocasino-casino-no-deposit-bonus-100-free-spins.html HTTP/1.1" 200 4278 "-" "Mozilla/5.0 (compatible; AwarioBot/1.0; +https://awario.com/bots.html)"
66.249.66.17 - - [23/Feb/2025:18:46:43 +0200] "GET /index.php/text/terms/pcsp.html/safe_search/config/cargo/detail/boyslove.html HTTP/1.1" 200 138954 "-" "Mozilla/5.0 (Linux; Android 6.0.1; Nexus 5X Build/MMB29P) AppleWebKit/537.36 (KHTML, like Gecko) Chrome/133.0.6943.53 Mobile Safari/537.36 (compatible; GoogleOther)"
65.21.163.190 - - [23/Feb/2025:18:46:47 +0200] "GET /gaming-online/nizza-casino-review-and-free-chips-bonus.html HTTP/1.1" 200 4964 "-" "Mozilla/5.0 (compatible; AwarioBot/1.0; +https://awario.com/bots.html)"
65.21.163.190 - - [23/Feb/2025:18:47:00 +0200] "GET /gaming-online/no-account-casino-bonus-codes-2025.html HTTP/1.1" 200 4004 "-" "Mozilla/5.0 (compatible; AwarioBot/1.0; +https://awario.com/bots.html)"
65.21.163.190 - - [23/Feb/2025:18:47:13 +0200] "GET /gaming-online/no-account-casino-review-and-free-chips-bonus.html HTTP/1.1" 200 4238 "-" "Mozilla/5.0 (compatible; AwarioBot/1.0; +https://awario.com/bots.html)"
65.21.163.190 - - [23/Feb/2025:18:47:25 +0200] "GET /gaming-online/no-bonus-casino-login-no-deposit-bonus.html HTTP/1.1" 200 3900 "-" "Mozilla/5.0 (compatible; AwarioBot/1.0; +https://awario.com/bots.html)"
65.21.163.190 - - [23/Feb/2025:18:47:38 +0200] "GET /gaming-online/no-bonus-casino-no-deposit.html HTTP/1.1" 200 4473 "-" "Mozilla/5.0 (compatible; AwarioBot/1.0; +https://awario.com/bots.html)"
66.249.66.18 - - [23/Feb/2025:18:47:38 +0200] "GET /index.php/text/terms/recruit/feature/sale2411-5/index.html/avsoft.html HTTP/1.1" 200 139076 "-" "Mozilla/5.0 (Linux; Android 6.0.1; Nexus 5X Build/MMB29P) AppleWebKit/537.36 (KHTML, like Gecko) Chrome/133.0.6943.53 Mobile Safari/537.36 (compatible; GoogleOther)"
65.21.163.190 - - [23/Feb/2025:18:47:56 +0200] "GET /gaming-online/no-bonus-deposit-casino-uk.html HTTP/1.1" 200 4923 "-" "Mozilla/5.0 (compatible; AwarioBot/1.0; +https://awario.com/bots.html)"
65.21.163.190 - - [23/Feb/2025:18:48:10 +0200] "GET /gaming-online/no-cash-deposit-casino-bonus-codes.html HTTP/1.1" 200 3979 "-" "Mozilla/5.0 (compatible; AwarioBot/1.0; +https://awario.com/bots.html)"
66.249.66.19 - - [23/Feb/2025:18:48:21 +0200] "GET /index.php/text/terms/events/feature/sale2411-5/index.html/shopdetail/176167399/shopdetail/355322799/pcmypage/feature/sale2411-5/index.html HTTP/1.1" 200 144542 "-" "Mozilla/5.0 (Linux; Android 6.0.1; Nexus 5X Build/MMB29P) AppleWebKit/537.36 (KHTML, like Gecko) Chrome/133.0.6943.53 Mobile Safari/537.36 (compatible; GoogleOther)"
65.21.163.190 - - [23/Feb/2025:18:48:23 +0200] "GET /gaming-online/no-cash-deposit-casinos.html HTTP/1.1" 200 4216 "-" "Mozilla/5.0 (compatible; AwarioBot/1.0; +https://awario.com/bots.html)"
65.21.163.190 - - [23/Feb/2025:18:48:32 +0200] "GET /robots.txt HTTP/1.1" 200 350 "-" "Mozilla/5.0 (compatible; AwarioBot/1.0; +https://awario.com/bots.html)"
65.21.163.190 - - [23/Feb/2025:18:48:32 +0200] "GET /gaming-online/no-commission-baccarat-house-edge.html HTTP/1.1" 200 4098 "-" "Mozilla/5.0 (compatible; AwarioBot/1.0; +https://awario.com/bots.html)"
65.21.163.190 - - [23/Feb/2025:18:48:51 +0200] "GET /gaming-online/no-deposit-1-free-x10-mobile-casino-sites-2025.html HTTP/1.1" 200 4960 "-" "Mozilla/5.0 (compatible; AwarioBot/1.0; +https://awario.com/bots.html)"
65.21.163.190 - - [23/Feb/2025:18:49:04 +0200] "GET /gaming-online/no-deposit-100-casino-bonus.html HTTP/1.1" 200 3941 "-" "Mozilla/5.0 (compatible; AwarioBot/1.0; +https://awario.com/bots.html)"
65.21.163.190 - - [23/Feb/2025:18:49:17 +0200] "GET /gaming-online/no-deposit-android-casino.html HTTP/1.1" 200 3916 "-" "Mozilla/5.0 (compatible; AwarioBot/1.0; +https://awario.com/bots.html)"
66.249.66.19 - - [23/Feb/2025:18:49:22 +0200] "GET /index.php/text/terms/feature/sale2411-5/index.html/text/terms/product_archives/avsoft.html HTTP/1.1" 200 142409 "-" "Mozilla/5.0 (Linux; Android 6.0.1; Nexus 5X Build/MMB29P) AppleWebKit/537.36 (KHTML, like Gecko) Chrome/133.0.6943.53 Mobile Safari/537.36 (compatible; GoogleOther)"
65.21.163.190 - - [23/Feb/2025:18:49:26 +0200] "GET /gaming-online/no-deposit-bingo-bonus-ireland.html HTTP/1.1" 200 4070 "-" "Mozilla/5.0 (compatible; AwarioBot/1.0; +https://awario.com/bots.html)"
65.21.163.190 - - [23/Feb/2025:18:49:39 +0200] "GET /gaming-online/no-deposit-bingo-bonus-united-kingdom.html HTTP/1.1" 200 4115 "-" "Mozilla/5.0 (compatible; AwarioBot/1.0; +https://awario.com/bots.html)"
65.21.163.190 - - [23/Feb/2025:18:49:48 +0200] "GET /gaming-online/no-deposit-bingo-free.html HTTP/1.1" 200 4841 "-" "Mozilla/5.0 (compatible; AwarioBot/1.0; +https://awario.com/bots.html)"
65.21.163.190 - - [23/Feb/2025:18:50:01 +0200] "GET /gaming-online/no-deposit-bingo-games-canada.html HTTP/1.1" 200 4196 "-" "Mozilla/5.0 (compatible; AwarioBot/1.0; +https://awario.com/bots.html)"
66.249.66.19 - - [23/Feb/2025:18:50:04 +0200] "GET /index.php/text/terms/pcsp.html/safe_search/config/cargo/detail/pcsp.html HTTP/1.1" 200 134013 "-" "Mozilla/5.0 (Linux; Android 6.0.1; Nexus 5X Build/MMB29P) AppleWebKit/537.36 (KHTML, like Gecko) Chrome/133.0.6943.53 Mobile Safari/537.36 (compatible; GoogleOther)"
65.21.163.190 - - [23/Feb/2025:18:50:13 +0200] "GET /gaming-online/no-deposit-bingo-online-australia.html HTTP/1.1" 200 5215 "-" "Mozilla/5.0 (compatible; AwarioBot/1.0; +https://awario.com/bots.html)"
65.21.163.190 - - [23/Feb/2025:18:50:27 +0200] "GET /gaming-online/no-deposit-bingo-sites-new-zealand.html HTTP/1.1" 200 4851 "-" "Mozilla/5.0 (compatible; AwarioBot/1.0; +https://awario.com/bots.html)"
65.21.163.190 - - [23/Feb/2025:18:50:41 +0200] "GET /robots.txt HTTP/1.1" 200 350 "-" "Mozilla/5.0 (compatible; AwarioBot/1.0; +https://awario.com/bots.html)"
65.21.163.190 - - [23/Feb/2025:18:50:41 +0200] "GET /gaming-online/no-deposit-bonus-2025-crypto-casino.html HTTP/1.1" 200 4998 "-" "Mozilla/5.0 (compatible; AwarioBot/1.0; +https://awario.com/bots.html)"
65.21.163.190 - - [23/Feb/2025:18:50:58 +0200] "GET /gaming-online/no-deposit-bonus-bets-united-kingdom.html HTTP/1.1" 200 3827 "-" "Mozilla/5.0 (compatible; AwarioBot/1.0; +https://awario.com/bots.html)"
66.249.66.19 - - [23/Feb/2025:18:51:02 +0200] "GET /index.php/text/terms/pcsp.html/safe_search/config/text/terms/toreka/figure_menu.html HTTP/1.1" 200 151681 "-" "Mozilla/5.0 (Linux; Android 6.0.1; Nexus 5X Build/MMB29P) AppleWebKit/537.36 (KHTML, like Gecko) Chrome/133.0.6943.53 Mobile Safari/537.36 (compatible; GoogleOther)"
65.21.163.190 - - [23/Feb/2025:18:51:13 +0200] "GET /gaming-online/no-deposit-bonus-bitcoin-casino-uk.html HTTP/1.1" 200 5101 "-" "Mozilla/5.0 (compatible; AwarioBot/1.0; +https://awario.com/bots.html)"
65.21.163.190 - - [23/Feb/2025:18:51:22 +0200] "GET /gaming-online/no-deposit-bonus-cash-casino.html HTTP/1.1" 200 5362 "-" "Mozilla/5.0 (compatible; AwarioBot/1.0; +https://awario.com/bots.html)"
65.21.163.190 - - [23/Feb/2025:18:51:35 +0200] "GET /gaming-online/no-deposit-bonus-casino-casinos-codes.html HTTP/1.1" 200 4275 "-" "Mozilla/5.0 (compatible; AwarioBot/1.0; +https://awario.com/bots.html)"
65.21.163.190 - - [23/Feb/2025:18:51:44 +0200] "GET /gaming-online/no-deposit-bonus-casino-for-iphone.html HTTP/1.1" 200 3922 "-" "Mozilla/5.0 (compatible; AwarioBot/1.0; +https://awario.com/bots.html)"
66.249.66.18 - - [23/Feb/2025:18:51:47 +0200] "GET /index.php/text/terms/pcsp.html/safe_search/config/text/terms/pcmypage/dozin.html HTTP/1.1" 200 182761 "-" "Mozilla/5.0 (Linux; Android 6.0.1; Nexus 5X Build/MMB29P) AppleWebKit/537.36 (KHTML, like Gecko) Chrome/133.0.6943.53 Mobile Safari/537.36 (compatible; GoogleOther)"
43.158.91.71 - - [23/Feb/2025:18:51:49 +0200] "GET / HTTP/1.1" 200 29396 "-" "Mozilla/5.0 (iPhone; CPU iPhone OS 13_2_3 like Mac OS X) AppleWebKit/605.1.15 (KHTML, like Gecko) Version/13.0.3 Mobile/15E148 Safari/604.1"
65.21.163.190 - - [23/Feb/2025:18:51:57 +0200] "GET /gaming-online/no-deposit-bonus-casino-in-canada.html HTTP/1.1" 200 4729 "-" "Mozilla/5.0 (compatible; AwarioBot/1.0; +https://awario.com/bots.html)"
65.21.163.190 - - [23/Feb/2025:18:52:10 +0200] "GET /gaming-online/no-deposit-bonus-casino-in-uk.html HTTP/1.1" 200 4406 "-" "Mozilla/5.0 (compatible; AwarioBot/1.0; +https://awario.com/bots.html)"
146.190.97.203 - - [23/Feb/2025:18:52:11 +0200] "GET /.well-known/acme-challenge/zmFM.php HTTP/1.1" 404 3913 "-" "Mozlila/5.0 (Linux; Android 7.0; SM-G892A Bulid/NRD90M; wv) AppleWebKit/537.36 (KHTML, like Gecko) Version/4.0 Chrome/60.0.3112.107 Moblie Safari/537.36"
146.190.97.203 - - [23/Feb/2025:18:52:16 +0200] "GET /wp-includes/sitemaps/providers/zmFM.php HTTP/1.1" 404 3913 "-" "Mozlila/5.0 (Linux; Android 7.0; SM-G892A Bulid/NRD90M; wv) AppleWebKit/537.36 (KHTML, like Gecko) Version/4.0 Chrome/60.0.3112.107 Moblie Safari/537.36"
146.190.97.203 - - [23/Feb/2025:18:52:18 +0200] "GET /wp-includes/pomo/zmFM.php HTTP/1.1" 404 3913 "-" "Mozlila/5.0 (Linux; Android 7.0; SM-G892A Bulid/NRD90M; wv) AppleWebKit/537.36 (KHTML, like Gecko) Version/4.0 Chrome/60.0.3112.107 Moblie Safari/537.36"
146.190.97.203 - - [23/Feb/2025:18:52:23 +0200] "GET /wp-admin/css/colors/ectoplasm/zmFM.php HTTP/1.1" 404 3913 "-" "Mozlila/5.0 (Linux; Android 7.0; SM-G892A Bulid/NRD90M; wv) AppleWebKit/537.36 (KHTML, like Gecko) Version/4.0 Chrome/60.0.3112.107 Moblie Safari/537.36"
65.21.163.190 - - [23/Feb/2025:18:52:23 +0200] "GET /gaming-online/no-deposit-bonus-casino-online-2025.html HTTP/1.1" 200 5007 "-" "Mozilla/5.0 (compatible; AwarioBot/1.0; +https://awario.com/bots.html)"
146.190.97.203 - - [23/Feb/2025:18:52:30 +0200] "GET /wp-includes/PHPMailer//zmFM.php HTTP/1.1" 404 3913 "-" "Mozlila/5.0 (Linux; Android 7.0; SM-G892A Bulid/NRD90M; wv) AppleWebKit/537.36 (KHTML, like Gecko) Version/4.0 Chrome/60.0.3112.107 Moblie Safari/537.36"
146.190.97.203 - - [23/Feb/2025:18:52:33 +0200] "GET /wp-includes/customize/zmFM.php HTTP/1.1" 404 3913 "-" "Mozlila/5.0 (Linux; Android 7.0; SM-G892A Bulid/NRD90M; wv) AppleWebKit/537.36 (KHTML, like Gecko) Version/4.0 Chrome/60.0.3112.107 Moblie Safari/537.36"
65.21.163.190 - - [23/Feb/2025:18:52:33 +0200] "GET /gaming-online/no-deposit-bonus-casino-roulette.html HTTP/1.1" 200 3962 "-" "Mozilla/5.0 (compatible; AwarioBot/1.0; +https://awario.com/bots.html)"
146.190.97.203 - - [23/Feb/2025:18:52:34 +0200] "GET /wp-includes/certificates/zmFM.php HTTP/1.1" 404 3913 "-" "Mozlila/5.0 (Linux; Android 7.0; SM-G892A Bulid/NRD90M; wv) AppleWebKit/537.36 (KHTML, like Gecko) Version/4.0 Chrome/60.0.3112.107 Moblie Safari/537.36"
146.190.97.203 - - [23/Feb/2025:18:52:37 +0200] "GET /wp-includes/theme-compat/zmFM.php HTTP/1.1" 404 3913 "-" "Mozlila/5.0 (Linux; Android 7.0; SM-G892A Bulid/NRD90M; wv) AppleWebKit/537.36 (KHTML, like Gecko) Version/4.0 Chrome/60.0.3112.107 Moblie Safari/537.36"
65.21.163.190 - - [23/Feb/2025:18:52:47 +0200] "GET /robots.txt HTTP/1.1" 200 350 "-" "Mozilla/5.0 (compatible; AwarioBot/1.0; +https://awario.com/bots.html)"
65.21.163.190 - - [23/Feb/2025:18:52:47 +0200] "GET /gaming-online/no-deposit-bonus-casino-win-real-money.html HTTP/1.1" 200 4669 "-" "Mozilla/5.0 (compatible; AwarioBot/1.0; +https://awario.com/bots.html)"
66.249.66.18 - - [23/Feb/2025:18:52:56 +0200] "GET /index.php/text/terms/recruit/shopdetail/446229199/feature/sale2411-5/index.html HTTP/1.1" 200 141072 "-" "Mozilla/5.0 (Linux; Android 6.0.1; Nexus 5X Build/MMB29P) AppleWebKit/537.36 (KHTML, like Gecko) Chrome/133.0.6943.53 Mobile Safari/537.36 (compatible; GoogleOther)"
65.21.163.190 - - [23/Feb/2025:18:52:57 +0200] "GET /gaming-online/no-deposit-bonus-casino.html HTTP/1.1" 200 5014 "-" "Mozilla/5.0 (compatible; AwarioBot/1.0; +https://awario.com/bots.html)"
65.21.163.190 - - [23/Feb/2025:18:53:12 +0200] "GET /gaming-online/no-deposit-bonus-codes-2025-casino.html HTTP/1.1" 200 4198 "-" "Mozilla/5.0 (compatible; AwarioBot/1.0; +https://awario.com/bots.html)"
65.21.163.190 - - [23/Feb/2025:18:53:26 +0200] "GET /gaming-online/no-deposit-bonus-codes-2025-new-united-kingdom.html HTTP/1.1" 200 5176 "-" "Mozilla/5.0 (compatible; AwarioBot/1.0; +https://awario.com/bots.html)"
66.249.66.17 - - [23/Feb/2025:18:53:30 +0200] "GET /index.php/text/terms/pcsp.html/safe_search/config/pcmypage/product/edit/59473257/pcmypage/shopdetail/515731299/pcsp.html HTTP/1.1" 200 151365 "-" "Mozilla/5.0 (Linux; Android 6.0.1; Nexus 5X Build/MMB29P) AppleWebKit/537.36 (KHTML, like Gecko) Chrome/133.0.6943.53 Mobile Safari/537.36 (compatible; GoogleOther)"
65.21.163.190 - - [23/Feb/2025:18:53:42 +0200] "GET /gaming-online/no-deposit-bonus-codes-casino-united-kingdom.html HTTP/1.1" 200 4898 "-" "Mozilla/5.0 (compatible; AwarioBot/1.0; +https://awario.com/bots.html)"
65.21.163.190 - - [23/Feb/2025:18:53:56 +0200] "GET /gaming-online/no-deposit-bonus-codes-for-casino.html HTTP/1.1" 200 3641 "-" "Mozilla/5.0 (compatible; AwarioBot/1.0; +https://awario.com/bots.html)"
65.21.163.190 - - [23/Feb/2025:18:54:10 +0200] "GET /gaming-online/no-deposit-bonus-codes-for-slots-plus-casino.html HTTP/1.1" 200 4681 "-" "Mozilla/5.0 (compatible; AwarioBot/1.0; +https://awario.com/bots.html)"
65.21.163.190 - - [23/Feb/2025:18:54:24 +0200] "GET /gaming-online/no-deposit-bonus-codes-for-win-a-day-casino.html HTTP/1.1" 200 5378 "-" "Mozilla/5.0 (compatible; AwarioBot/1.0; +https://awario.com/bots.html)"
66.249.66.18 - - [23/Feb/2025:18:54:32 +0200] "GET /index.php/text/terms/pcmypage/feature/sale2411-5/index.html/pcmypage HTTP/1.1" 200 138296 "-" "Mozilla/5.0 (Linux; Android 6.0.1; Nexus 5X Build/MMB29P) AppleWebKit/537.36 (KHTML, like Gecko) Chrome/133.0.6943.53 Mobile Safari/537.36 (compatible; GoogleOther)"
65.21.163.190 - - [23/Feb/2025:18:54:38 +0200] "GET /gaming-online/no-deposit-bonus-codes-slots.html HTTP/1.1" 200 4417 "-" "Mozilla/5.0 (compatible; AwarioBot/1.0; +https://awario.com/bots.html)"
65.21.163.190 - - [23/Feb/2025:18:54:54 +0200] "GET /robots.txt HTTP/1.1" 200 350 "-" "Mozilla/5.0 (compatible; AwarioBot/1.0; +https://awario.com/bots.html)"
65.21.163.190 - - [23/Feb/2025:18:54:54 +0200] "GET /gaming-online/no-deposit-bonus-live-dealer-casino.html HTTP/1.1" 200 4537 "-" "Mozilla/5.0 (compatible; AwarioBot/1.0; +https://awario.com/bots.html)"
65.21.163.190 - - [23/Feb/2025:18:55:09 +0200] "GET /gaming-online/no-deposit-bonus-on-sign-up-uk.html HTTP/1.1" 200 4210 "-" "Mozilla/5.0 (compatible; AwarioBot/1.0; +https://awario.com/bots.html)"
66.249.66.19 - - [23/Feb/2025:18:55:12 +0200] "GET /index.php/text/terms/pcmypage/pcsp.html/avsoft.html HTTP/1.1" 200 148850 "-" "Mozilla/5.0 (Linux; Android 6.0.1; Nexus 5X Build/MMB29P) AppleWebKit/537.36 (KHTML, like Gecko) Chrome/133.0.6943.53 Mobile Safari/537.36 (compatible; GoogleOther)"
65.21.163.190 - - [23/Feb/2025:18:55:25 +0200] "GET /gaming-online/no-deposit-bonus-slot-games-canada.html HTTP/1.1" 200 4130 "-" "Mozilla/5.0 (compatible; AwarioBot/1.0; +https://awario.com/bots.html)"
65.21.163.190 - - [23/Feb/2025:18:55:41 +0200] "GET /gaming-online/no-deposit-bonus-sms-verification-uk.html HTTP/1.1" 200 4924 "-" "Mozilla/5.0 (compatible; AwarioBot/1.0; +https://awario.com/bots.html)"
65.21.163.190 - - [23/Feb/2025:18:55:56 +0200] "GET /gaming-online/no-deposit-bonuses-casino-online.html HTTP/1.1" 200 4306 "-" "Mozilla/5.0 (compatible; AwarioBot/1.0; +https://awario.com/bots.html)"
66.249.66.17 - - [23/Feb/2025:18:56:04 +0200] "GET /index.php/text/terms/pcsp.html/safe_search/config/toreka/figure_menu.html HTTP/1.1" 200 135309 "-" "Mozilla/5.0 (Linux; Android 6.0.1; Nexus 5X Build/MMB29P) AppleWebKit/537.36 (KHTML, like Gecko) Chrome/133.0.6943.53 Mobile Safari/537.36 (compatible; GoogleOther)"
65.21.163.190 - - [23/Feb/2025:18:56:07 +0200] "GET /gaming-online/no-deposit-bonuses-for-casino.html HTTP/1.1" 200 4338 "-" "Mozilla/5.0 (compatible; AwarioBot/1.0; +https://awario.com/bots.html)"
65.21.163.190 - - [23/Feb/2025:18:56:17 +0200] "GET /gaming-online/no-deposit-bonuses-uk.html HTTP/1.1" 200 3887 "-" "Mozilla/5.0 (compatible; AwarioBot/1.0; +https://awario.com/bots.html)"
65.21.163.190 - - [23/Feb/2025:18:56:27 +0200] "GET /gaming-online/no-deposit-cash-bonus-casinos-2025.html HTTP/1.1" 200 4989 "-" "Mozilla/5.0 (compatible; AwarioBot/1.0; +https://awario.com/bots.html)"
65.21.163.190 - - [23/Feb/2025:18:56:53 +0200] "GET /gaming-online/no-deposit-cash-casino-bonus.html HTTP/1.1" 200 4215 "-" "Mozilla/5.0 (compatible; AwarioBot/1.0; +https://awario.com/bots.html)"
66.249.66.19 - - [23/Feb/2025:18:57:02 +0200] "GET /index.php/text/terms/pcsp.html/safe_search/config/text/terms/pcmypage/toreka/figure_menu.html HTTP/1.1" 200 134020 "-" "Mozilla/5.0 (Linux; Android 6.0.1; Nexus 5X Build/MMB29P) AppleWebKit/537.36 (KHTML, like Gecko) Chrome/133.0.6943.53 Mobile Safari/537.36 (compatible; GoogleOther)"
65.21.163.190 - - [23/Feb/2025:18:57:06 +0200] "GET /robots.txt HTTP/1.1" 200 350 "-" "Mozilla/5.0 (compatible; AwarioBot/1.0; +https://awario.com/bots.html)"
65.21.163.190 - - [23/Feb/2025:18:57:06 +0200] "GET /gaming-online/no-deposit-casino-50-free-casino-bonus.html HTTP/1.1" 200 4755 "-" "Mozilla/5.0 (compatible; AwarioBot/1.0; +https://awario.com/bots.html)"
65.21.163.190 - - [23/Feb/2025:18:57:22 +0200] "GET /gaming-online/no-deposit-casino-50-free-spins-canada.html HTTP/1.1" 200 4942 "-" "Mozilla/5.0 (compatible; AwarioBot/1.0; +https://awario.com/bots.html)"
65.21.163.190 - - [23/Feb/2025:18:57:32 +0200] "GET /gaming-online/no-deposit-casino-bonus-codes-cashable-2025.html HTTP/1.1" 200 5189 "-" "Mozilla/5.0 (compatible; AwarioBot/1.0; +https://awario.com/bots.html)"
65.21.163.190 - - [23/Feb/2025:18:57:40 +0200] "GET /gaming-online/no-deposit-casino-bonus-codes-instant-pay.html HTTP/1.1" 200 4138 "-" "Mozilla/5.0 (compatible; AwarioBot/1.0; +https://awario.com/bots.html)"
66.249.66.17 - - [23/Feb/2025:18:57:47 +0200] "GET /index.php/text/terms/feature/sale2411-5/index.html/pcmypage/pcsp.html HTTP/1.1" 200 138934 "-" "Mozilla/5.0 (Linux; Android 6.0.1; Nexus 5X Build/MMB29P) AppleWebKit/537.36 (KHTML, like Gecko) Chrome/133.0.6943.53 Mobile Safari/537.36 (compatible; GoogleOther)"
65.21.163.190 - - [23/Feb/2025:18:57:55 +0200] "GET /gaming-online/no-deposit-casino-bonus-coupons.html HTTP/1.1" 200 4153 "-" "Mozilla/5.0 (compatible; AwarioBot/1.0; +https://awario.com/bots.html)"
65.21.163.190 - - [23/Feb/2025:18:58:11 +0200] "GET /gaming-online/no-deposit-casino-bonus-keep-what-you-win.html HTTP/1.1" 200 5003 "-" "Mozilla/5.0 (compatible; AwarioBot/1.0; +https://awario.com/bots.html)"
65.21.163.190 - - [23/Feb/2025:18:58:27 +0200] "GET /gaming-online/no-deposit-casino-bonus-new-zealand.html HTTP/1.1" 200 4188 "-" "Mozilla/5.0 (compatible; AwarioBot/1.0; +https://awario.com/bots.html)"
65.21.163.190 - - [23/Feb/2025:18:58:42 +0200] "GET /gaming-online/no-deposit-casino-bonus-no-max-cash.html HTTP/1.1" 200 4719 "-" "Mozilla/5.0 (compatible; AwarioBot/1.0; +https://awario.com/bots.html)"
66.249.66.18 - - [23/Feb/2025:18:58:43 +0200] "GET /index.php/text/terms/pcsp.html/safe_search/config/toiawase/oreka/plamodel_menu.html HTTP/1.1" 200 132757 "-" "Mozilla/5.0 (Linux; Android 6.0.1; Nexus 5X Build/MMB29P) AppleWebKit/537.36 (KHTML, like Gecko) Chrome/133.0.6943.53 Mobile Safari/537.36 (compatible; GoogleOther)"
65.21.163.190 - - [23/Feb/2025:18:58:58 +0200] "GET /gaming-online/no-deposit-casino-bonuses-uk-2025.html HTTP/1.1" 200 5219 "-" "Mozilla/5.0 (compatible; AwarioBot/1.0; +https://awario.com/bots.html)"
65.21.163.190 - - [23/Feb/2025:18:59:14 +0200] "GET /robots.txt HTTP/1.1" 200 350 "-" "Mozilla/5.0 (compatible; AwarioBot/1.0; +https://awario.com/bots.html)"
65.21.163.190 - - [23/Feb/2025:18:59:14 +0200] "GET /gaming-online/no-deposit-casino-bonuses-uk.html HTTP/1.1" 200 4204 "-" "Mozilla/5.0 (compatible; AwarioBot/1.0; +https://awario.com/bots.html)"
65.21.163.190 - - [23/Feb/2025:18:59:29 +0200] "GET /gaming-online/no-deposit-casino-codes-uk.html HTTP/1.1" 200 3809 "-" "Mozilla/5.0 (compatible; AwarioBot/1.0; +https://awario.com/bots.html)"
66.249.66.17 - - [23/Feb/2025:18:59:29 +0200] "GET /index.php/pcmypage/pcsp.html/pcmypage/safe_search/config/shopdetail/127122399 HTTP/1.1" 200 150143 "-" "Mozilla/5.0 (Linux; Android 6.0.1; Nexus 5X Build/MMB29P) AppleWebKit/537.36 (KHTML, like Gecko) Chrome/133.0.6943.53 Mobile Safari/537.36 (compatible; GoogleOther)"
65.21.163.190 - - [23/Feb/2025:18:59:39 +0200] "GET /gaming-online/no-deposit-casino-coupons-uk.html HTTP/1.1" 200 4990 "-" "Mozilla/5.0 (compatible; AwarioBot/1.0; +https://awario.com/bots.html)"
65.21.163.190 - - [23/Feb/2025:18:59:54 +0200] "GET /gaming-online/no-deposit-casino-games-2025.html HTTP/1.1" 200 4198 "-" "Mozilla/5.0 (compatible; AwarioBot/1.0; +https://awario.com/bots.html)"
65.21.163.190 - - [23/Feb/2025:19:00:10 +0200] "GET /gaming-online/no-deposit-casino-play-australia.html HTTP/1.1" 200 5304 "-" "Mozilla/5.0 (compatible; AwarioBot/1.0; +https://awario.com/bots.html)"
66.249.66.19 - - [23/Feb/2025:19:00:23 +0200] "GET /index.php/text/terms/pcsp.html/safe_search/config/text/terms/man/kaitori/kaitoritop.html HTTP/1.1" 200 142061 "-" "Mozilla/5.0 (Linux; Android 6.0.1; Nexus 5X Build/MMB29P) AppleWebKit/537.36 (KHTML, like Gecko) Chrome/133.0.6943.53 Mobile Safari/537.36 (compatible; GoogleOther)"
65.21.163.190 - - [23/Feb/2025:19:00:25 +0200] "GET /gaming-online/no-deposit-casino-real-money-united-kingdom.html HTTP/1.1" 200 4940 "-" "Mozilla/5.0 (compatible; AwarioBot/1.0; +https://awario.com/bots.html)"
65.21.163.190 - - [23/Feb/2025:19:00:42 +0200] "GET /gaming-online/no-deposit-casino-slot-bonus.html HTTP/1.1" 200 4746 "-" "Mozilla/5.0 (compatible; AwarioBot/1.0; +https://awario.com/bots.html)"
